CRAN Package Check Results for Package alabama

Last updated on 2020-04-25 01:52:54 CEST.

Flavor Version Tinstall Tcheck Ttotal Status Flags
r-devel-linux-x86_64-debian-clang 2015.3-1 3.01 22.77 25.78 NOTE
r-devel-linux-x86_64-debian-gcc 2015.3-1 2.30 18.10 20.40 NOTE
r-devel-linux-x86_64-fedora-clang 2015.3-1 32.52 NOTE
r-devel-linux-x86_64-fedora-gcc 2015.3-1 32.20 NOTE
r-devel-windows-ix86+x86_64 2015.3-1 9.00 38.00 47.00 NOTE
r-patched-linux-x86_64 2015.3-1 2.88 22.72 25.60 NOTE
r-patched-osx-x86_64 2015.3-1 NOTE
r-patched-solaris-x86 2015.3-1 48.30 NOTE
r-release-linux-x86_64 2015.3-1 2.61 20.95 23.56 NOTE
r-release-windows-ix86+x86_64 2015.3-1 6.00 46.00 52.00 NOTE
r-release-osx-x86_64 2015.3-1 NOTE
r-oldrel-windows-ix86+x86_64 2015.3-1 3.00 49.00 52.00 NOTE
r-oldrel-osx-x86_64 2015.3-1 NOTE

Check Details

Version: 2015.3-1
Check: R code for possible problems
Result: NOTE
    adpbar: no visible global function definition for 'optim'
    alabama: no visible global function definition for 'optim'
    auglag: no visible global function definition for 'modifyList'
    auglag1: no visible global function definition for 'optim'
    auglag1: no visible global function definition for 'nlminb'
    auglag2: no visible global function definition for 'optim'
    auglag2: no visible global function definition for 'nlminb'
    auglag3: no visible global function definition for 'optim'
    auglag3: no visible global function definition for 'nlminb'
    augpen: no visible global function definition for 'optim'
    constrOptim.nl: no visible global function definition for 'modifyList'
    Undefined global functions or variables:
     modifyList nlminb optim
    Consider adding
     importFrom("stats", "nlminb", "optim")
     importFrom("utils", "modifyList")
    to your NAMESPACE file.
Flavors: r-devel-linux-x86_64-debian-clang, r-devel-linux-x86_64-debian-gcc, r-devel-linux-x86_64-fedora-clang, r-devel-linux-x86_64-fedora-gcc, r-devel-windows-ix86+x86_64, r-patched-linux-x86_64, r-patched-osx-x86_64, r-patched-solaris-x86, r-release-linux-x86_64, r-release-windows-ix86+x86_64, r-release-osx-x86_64, r-oldrel-windows-ix86+x86_64, r-oldrel-osx-x86_64