CRAN Package Check Results for Package ahp

Last updated on 2020-04-25 01:52:54 CEST.

Flavor Version Tinstall Tcheck Ttotal Status Flags
r-devel-linux-x86_64-debian-clang 0.2.12 4.22 68.50 72.72 OK
r-devel-linux-x86_64-debian-gcc 0.2.12 3.31 51.12 54.43 OK
r-devel-linux-x86_64-fedora-clang 0.2.12 79.77 OK
r-devel-linux-x86_64-fedora-gcc 0.2.12 85.13 OK
r-devel-windows-ix86+x86_64 0.2.12 26.00 78.00 104.00 OK
r-patched-linux-x86_64 0.2.12 4.27 64.83 69.10 OK
r-patched-osx-x86_64 0.2.12 WARN
r-patched-solaris-x86 0.2.12 119.80 OK
r-release-linux-x86_64 0.2.12 3.53 60.67 64.20 OK
r-release-windows-ix86+x86_64 0.2.12 11.00 69.00 80.00 OK
r-release-osx-x86_64 0.2.12 OK
r-oldrel-windows-ix86+x86_64 0.2.12 6.00 100.00 106.00 OK
r-oldrel-osx-x86_64 0.2.12 OK

Check Details

Version: 0.2.12
Check: re-building of vignette outputs
Result: WARN
    Error(s) in re-building vignettes:
    --- re-building ‘examples.Rmd’ using rmarkdown
    dyld: lazy symbol binding failed: Symbol not found: ____chkstk_darwin
     Referenced from: /usr/local/bin/pandoc (which was built for Mac OS X 10.15)
     Expected in: /usr/lib/libSystem.B.dylib
    
    dyld: Symbol not found: ____chkstk_darwin
     Referenced from: /usr/local/bin/pandoc (which was built for Mac OS X 10.15)
     Expected in: /usr/lib/libSystem.B.dylib
    
    Error: processing vignette 'examples.Rmd' failed with diagnostics:
    pandoc document conversion failed with error 6
    --- failed re-building ‘examples.Rmd’
    
    --- re-building ‘file-format.Rmd’ using rmarkdown
    dyld: lazy symbol binding failed: Symbol not found: ____chkstk_darwin
     Referenced from: /usr/local/bin/pandoc (which was built for Mac OS X 10.15)
     Expected in: /usr/lib/libSystem.B.dylib
    
    dyld: Symbol not found: ____chkstk_darwin
     Referenced from: /usr/local/bin/pandoc (which was built for Mac OS X 10.15)
     Expected in: /usr/lib/libSystem.B.dylib
    
    Error: processing vignette 'file-format.Rmd' failed with diagnostics:
    pandoc document conversion failed with error 6
    --- failed re-building ‘file-format.Rmd’
    
    SUMMARY: processing the following files failed:
     ‘examples.Rmd’ ‘file-format.Rmd’
    
    Error: Vignette re-building failed.
    Execution halted
Flavor: r-patched-osx-x86_64