CRAN Package Check Results for Package afmToolkit

Last updated on 2020-04-25 01:52:54 CEST.

Flavor Version Tinstall Tcheck Ttotal Status Flags
r-devel-linux-x86_64-debian-clang 0.0.1 6.99 62.50 69.49 OK
r-devel-linux-x86_64-debian-gcc 0.0.1 6.66 52.21 58.87 OK
r-devel-linux-x86_64-fedora-clang 0.0.1 92.37 NOTE
r-devel-linux-x86_64-fedora-gcc 0.0.1 91.18 NOTE
r-devel-windows-ix86+x86_64 0.0.1 27.00 76.00 103.00 OK
r-patched-linux-x86_64 0.0.1 7.15 65.08 72.23 OK
r-patched-osx-x86_64 0.0.1 NOTE
r-patched-solaris-x86 0.0.1 131.70 NOTE
r-release-linux-x86_64 0.0.1 5.92 61.99 67.91 OK
r-release-windows-ix86+x86_64 0.0.1 17.00 102.00 119.00 OK
r-release-osx-x86_64 0.0.1 NOTE
r-oldrel-windows-ix86+x86_64 0.0.1 8.00 75.00 83.00 OK
r-oldrel-osx-x86_64 0.0.1 NOTE

Check Details

Version: 0.0.1
Check: dependencies in R code
Result: NOTE
    Namespaces in Imports field not imported from:
     ‘DBI’ ‘assertthat’ ‘tibble’
     All declared Imports should be used.
Flavors: r-devel-linux-x86_64-fedora-clang, r-devel-linux-x86_64-fedora-gcc, r-patched-osx-x86_64, r-patched-solaris-x86, r-release-osx-x86_64, r-oldrel-osx-x86_64