CRAN Package Check Results for Package admixturegraph

Last updated on 2020-04-25 01:52:54 CEST.

Flavor Version Tinstall Tcheck Ttotal Status Flags
r-devel-linux-x86_64-debian-clang 1.0.2 29.85 224.61 254.46 OK
r-devel-linux-x86_64-debian-gcc 1.0.2 24.46 163.89 188.35 OK
r-devel-linux-x86_64-fedora-clang 1.0.2 289.99 OK
r-devel-linux-x86_64-fedora-gcc 1.0.2 317.66 OK
r-devel-windows-ix86+x86_64 1.0.2 55.00 195.00 250.00 OK
r-patched-linux-x86_64 1.0.2 32.39 220.82 253.21 OK
r-patched-osx-x86_64 1.0.2 WARN
r-patched-solaris-x86 1.0.2 358.30 OK
r-release-linux-x86_64 1.0.2 23.28 201.02 224.30 OK
r-release-windows-ix86+x86_64 1.0.2 47.00 185.00 232.00 OK
r-release-osx-x86_64 1.0.2 OK
r-oldrel-windows-ix86+x86_64 1.0.2 29.00 344.00 373.00 OK
r-oldrel-osx-x86_64 1.0.2 OK

Check Details

Version: 1.0.2
Check: re-building of vignette outputs
Result: WARN
    Error(s) in re-building vignettes:
     ...
    --- re-building ‘admixturegraph.Rmd’ using rmarkdown
    Loading required package: optimbase
    Loading required package: Matrix
    Loading required package: optimsimplex
    dyld: lazy symbol binding failed: Symbol not found: ____chkstk_darwin
     Referenced from: /usr/local/bin/pandoc (which was built for Mac OS X 10.15)
     Expected in: /usr/lib/libSystem.B.dylib
    
    dyld: Symbol not found: ____chkstk_darwin
     Referenced from: /usr/local/bin/pandoc (which was built for Mac OS X 10.15)
     Expected in: /usr/lib/libSystem.B.dylib
    
    Error: processing vignette 'admixturegraph.Rmd' failed with diagnostics:
    pandoc document conversion failed with error 6
    --- failed re-building ‘admixturegraph.Rmd’
    
    SUMMARY: processing the following file failed:
     ‘admixturegraph.Rmd’
    
    Error: Vignette re-building failed.
    Execution halted
Flavor: r-patched-osx-x86_64