Last updated on 2020-04-25 01:52:54 CEST.
Flavor | Version | Tinstall | Tcheck | Ttotal | Status | Flags |
---|---|---|---|---|---|---|
r-devel-linux-x86_64-debian-clang | 0.3-8 | 32.96 | 434.13 | 467.09 | OK | |
r-devel-linux-x86_64-debian-gcc | 0.3-8 | 30.74 | 325.72 | 356.46 | OK | |
r-devel-linux-x86_64-fedora-clang | 0.3-8 | 550.13 | OK | |||
r-devel-linux-x86_64-fedora-gcc | 0.3-8 | 582.55 | OK | |||
r-devel-windows-ix86+x86_64 | 0.3-8 | 115.00 | 560.00 | 675.00 | OK | |
r-patched-linux-x86_64 | 0.3-8 | 29.49 | 416.08 | 445.57 | OK | |
r-patched-osx-x86_64 | 0.3-8 | WARN | ||||
r-patched-solaris-x86 | 0.3-8 | 870.50 | OK | |||
r-release-linux-x86_64 | 0.3-8 | 23.13 | 391.76 | 414.89 | OK | |
r-release-windows-ix86+x86_64 | 0.3-8 | 83.00 | 518.00 | 601.00 | OK | |
r-release-osx-x86_64 | 0.3-8 | OK | ||||
r-oldrel-windows-ix86+x86_64 | 0.3-8 | 43.00 | 723.00 | 766.00 | OK | |
r-oldrel-osx-x86_64 | 0.3-8 | OK |
Version: 0.3-8
Check: re-building of vignette outputs
Result: WARN
Error(s) in re-building vignettes:
...
--- re-building ‘tutorial.Rmd’ using rmarkdown
dyld: lazy symbol binding failed: Symbol not found: ____chkstk_darwin
Referenced from: /usr/local/bin/pandoc (which was built for Mac OS X 10.15)
Expected in: /usr/lib/libSystem.B.dylib
dyld: Symbol not found: ____chkstk_darwin
Referenced from: /usr/local/bin/pandoc (which was built for Mac OS X 10.15)
Expected in: /usr/lib/libSystem.B.dylib
Error: processing vignette 'tutorial.Rmd' failed with diagnostics:
pandoc document conversion failed with error 6
--- failed re-building ‘tutorial.Rmd’
SUMMARY: processing the following file failed:
‘tutorial.Rmd’
Error: Vignette re-building failed.
Execution halted
Flavor: r-patched-osx-x86_64