CRAN Package Check Results for Package adehabitatMA

Last updated on 2020-04-25 01:52:54 CEST.

Flavor Version Tinstall Tcheck Ttotal Status Flags
r-devel-linux-x86_64-debian-clang 0.3.14 8.90 54.90 63.80 OK
r-devel-linux-x86_64-debian-gcc 0.3.14 6.26 42.64 48.90 OK
r-devel-linux-x86_64-fedora-clang 0.3.14 79.12 NOTE
r-devel-linux-x86_64-fedora-gcc 0.3.14 77.95 NOTE
r-devel-windows-ix86+x86_64 0.3.14 24.00 85.00 109.00 OK
r-patched-linux-x86_64 0.3.14 8.69 53.32 62.01 OK
r-patched-osx-x86_64 0.3.14 NOTE
r-patched-solaris-x86 0.3.14 116.50 NOTE
r-release-linux-x86_64 0.3.14 5.60 49.60 55.20 OK
r-release-windows-ix86+x86_64 0.3.14 21.00 77.00 98.00 OK
r-release-osx-x86_64 0.3.14 NOTE
r-oldrel-windows-ix86+x86_64 0.3.14 14.00 119.00 133.00 OK
r-oldrel-osx-x86_64 0.3.14 NOTE

Check Details

Version: 0.3.14
Check: dependencies in R code
Result: NOTE
    Namespace in Imports field not imported from: ‘filehash’
     All declared Imports should be used.
Flavors: r-devel-linux-x86_64-fedora-clang, r-devel-linux-x86_64-fedora-gcc, r-patched-osx-x86_64, r-patched-solaris-x86

Version: 0.3.14
Check: dependencies in R code
Result: NOTE
    No protocol specified
    No protocol specified
    No protocol specified
    No protocol specified
    Namespace in Imports field not imported from: ‘filehash’
     All declared Imports should be used.
Flavors: r-release-osx-x86_64, r-oldrel-osx-x86_64