CRAN Package Check Results for Package adegraphics

Last updated on 2020-04-25 01:52:54 CEST.

Flavor Version Tinstall Tcheck Ttotal Status Flags
r-devel-linux-x86_64-debian-clang 1.0-15 32.81 316.28 349.09 OK
r-devel-linux-x86_64-debian-gcc 1.0-15 27.85 237.59 265.44 OK
r-devel-linux-x86_64-fedora-clang 1.0-15 404.84 OK
r-devel-linux-x86_64-fedora-gcc 1.0-15 429.52 OK
r-devel-windows-ix86+x86_64 1.0-15 58.00 286.00 344.00 OK
r-patched-linux-x86_64 1.0-15 30.79 307.60 338.39 OK
r-patched-osx-x86_64 1.0-15 ERROR
r-patched-solaris-x86 1.0-15 545.00 OK
r-release-linux-x86_64 1.0-15 27.14 301.70 328.84 OK
r-release-windows-ix86+x86_64 1.0-15 51.00 310.00 361.00 OK
r-release-osx-x86_64 1.0-15 OK
r-oldrel-windows-ix86+x86_64 1.0-15 35.00 422.00 457.00 OK
r-oldrel-osx-x86_64 1.0-15 OK

Check Details

Version: 1.0-15
Check: tests
Result: ERROR
     Running ‘add.R’ [9s/12s]
     Running ‘adegraphics.R’ [3s/4s]
     Running ‘nbgraph.R’ [3s/4s]
    Running the tests in ‘tests/nbgraph.R’ failed.
    Last 13 lines of output:
     kplotsepan.coa, s.arrow, s.class, s.corcircle, s.distri, s.image,
     s.label, s.logo, s.match, s.traject, s.value, table.value,
     triangle.class
    
     > library(spdep)
     Loading required package: sp
     Loading required package: spData
     To access larger datasets in this package, install the spDataLarge
     package with: `install.packages('spDataLarge',
     repos='https://nowosad.github.io/drat/', type='source')`
     Loading required package: sf
     Linking to GEOS 3.7.2, GDAL 2.4.2, PROJ 5.2.0
     Error: package or namespace load failed for 'spdep' in loadNamespace(j <- i[[1L]], c(lib.loc, .libPaths()), versionCheck = vI[[j]]):
     there is no package called 'expm'
     Execution halted
Flavor: r-patched-osx-x86_64