CRAN Package Check Results for Package adapr

Last updated on 2020-04-25 01:52:54 CEST.

Flavor Version Tinstall Tcheck Ttotal Status Flags
r-devel-linux-x86_64-debian-clang 2.0.0 8.67 50.15 58.82 NOTE
r-devel-linux-x86_64-debian-gcc 2.0.0 6.26 38.74 45.00 NOTE
r-devel-linux-x86_64-fedora-clang 2.0.0 71.38 NOTE
r-devel-linux-x86_64-fedora-gcc 2.0.0 74.04 NOTE
r-devel-windows-ix86+x86_64 2.0.0 37.00 67.00 104.00 NOTE
r-patched-linux-x86_64 2.0.0 9.60 49.29 58.89 NOTE
r-patched-osx-x86_64 2.0.0 WARN
r-patched-solaris-x86 2.0.0 92.90 NOTE
r-release-linux-x86_64 2.0.0 7.67 45.31 52.98 NOTE
r-release-windows-ix86+x86_64 2.0.0 23.00 62.00 85.00 NOTE
r-release-osx-x86_64 2.0.0 NOTE
r-oldrel-windows-ix86+x86_64 2.0.0 13.00 90.00 103.00 NOTE
r-oldrel-osx-x86_64 2.0.0 NOTE

Check Details

Version: 2.0.0
Check: dependencies in R code
Result: NOTE
    Missing or unexported object: 'devtools::clean_source'
Flavors: r-devel-linux-x86_64-debian-clang, r-devel-linux-x86_64-debian-gcc, r-devel-windows-ix86+x86_64, r-patched-linux-x86_64, r-release-linux-x86_64, r-release-windows-ix86+x86_64, r-oldrel-windows-ix86+x86_64

Version: 2.0.0
Check: dependencies in R code
Result: NOTE
    Namespaces in Imports field not imported from:
     ‘plotly’ ‘shinydashboard’
     All declared Imports should be used.
    Missing or unexported object: ‘devtools::clean_source’
Flavors: r-devel-linux-x86_64-fedora-clang, r-devel-linux-x86_64-fedora-gcc, r-patched-osx-x86_64, r-patched-solaris-x86, r-release-osx-x86_64

Version: 2.0.0
Check: re-building of vignette outputs
Result: WARN
    Error(s) in re-building vignettes:
     ...
    --- re-building ‘ADAPRVignette.Rmd’ using rmarkdown
    dyld: lazy symbol binding failed: Symbol not found: ____chkstk_darwin
     Referenced from: /usr/local/bin/pandoc (which was built for Mac OS X 10.15)
     Expected in: /usr/lib/libSystem.B.dylib
    
    dyld: Symbol not found: ____chkstk_darwin
     Referenced from: /usr/local/bin/pandoc (which was built for Mac OS X 10.15)
     Expected in: /usr/lib/libSystem.B.dylib
    
    Error: processing vignette 'ADAPRVignette.Rmd' failed with diagnostics:
    pandoc document conversion failed with error 6
    --- failed re-building ‘ADAPRVignette.Rmd’
    
    SUMMARY: processing the following file failed:
     ‘ADAPRVignette.Rmd’
    
    Error: Vignette re-building failed.
    Execution halted
Flavor: r-patched-osx-x86_64

Version: 2.0.0
Check: dependencies in R code
Result: NOTE
    Namespaces in Imports field not imported from:
     ‘plotly’ ‘shinydashboard’
     All declared Imports should be used.
Flavor: r-oldrel-osx-x86_64