CRAN Package Check Results for Package adamethods

Last updated on 2020-04-25 01:52:54 CEST.

Flavor Version Tinstall Tcheck Ttotal Status Flags
r-devel-linux-x86_64-debian-clang 1.2 19.83 131.05 150.88 OK
r-devel-linux-x86_64-debian-gcc 1.2 13.70 100.11 113.81 OK
r-devel-linux-x86_64-fedora-clang 1.2 177.52 OK
r-devel-linux-x86_64-fedora-gcc 1.2 184.76 OK
r-devel-windows-ix86+x86_64 1.2 73.00 145.00 218.00 OK
r-patched-linux-x86_64 1.2 18.31 125.83 144.14 OK
r-patched-osx-x86_64 1.2 OK
r-patched-solaris-x86 1.2 250.30 OK
r-release-linux-x86_64 1.2 12.63 115.12 127.75 OK
r-release-windows-ix86+x86_64 1.2 48.00 198.00 246.00 OK
r-release-osx-x86_64 1.2 WARN
r-oldrel-windows-ix86+x86_64 1.2 22.00 127.00 149.00 OK
r-oldrel-osx-x86_64 1.2 WARN

Check Details

Version: 1.2
Check: whether package can be installed
Result: WARN
    Found the following significant warnings:
     Warning: 'rgl_init' failed, running with rgl.useNULL = TRUE
Flavors: r-release-osx-x86_64, r-oldrel-osx-x86_64