CRAN Package Check Results for Package abcrf

Last updated on 2020-04-25 01:52:54 CEST.

Flavor Version Tinstall Tcheck Ttotal Status Flags
r-devel-linux-x86_64-debian-clang 1.8.1 84.91 81.30 166.21 OK
r-devel-linux-x86_64-debian-gcc 1.8.1 53.61 63.46 117.07 OK
r-devel-linux-x86_64-fedora-clang 1.8.1 218.36 NOTE
r-devel-linux-x86_64-fedora-gcc 1.8.1 210.99 OK
r-devel-windows-ix86+x86_64 1.8.1 215.00 135.00 350.00 NOTE
r-patched-linux-x86_64 1.8.1 65.75 78.88 144.63 OK
r-patched-osx-x86_64 1.8.1 NOTE
r-patched-solaris-x86 1.8.1 246.90 OK
r-release-linux-x86_64 1.8.1 61.66 72.83 134.49 OK
r-release-windows-ix86+x86_64 1.8.1 194.00 124.00 318.00 OK
r-release-osx-x86_64 1.8.1 NOTE
r-oldrel-windows-ix86+x86_64 1.8.1 121.00 180.00 301.00 OK
r-oldrel-osx-x86_64 1.8.1 OK

Check Details

Version: 1.8.1
Check: installed package size
Result: NOTE
     installed size is 5.7Mb
     sub-directories of 1Mb or more:
     data 2.6Mb
     libs 2.9Mb
Flavors: r-devel-linux-x86_64-fedora-clang, r-devel-windows-ix86+x86_64, r-patched-osx-x86_64, r-release-osx-x86_64