CRAN Package Check Results for Package Yamm

Last updated on 2020-04-25 01:53:22 CEST.

Flavor Version Tinstall Tcheck Ttotal Status Flags
r-devel-linux-x86_64-debian-clang 1.3.1 12.30 99.58 111.88 OK
r-devel-linux-x86_64-debian-gcc 1.3.1 10.38 76.81 87.19 OK
r-devel-linux-x86_64-fedora-clang 1.3.1 132.41 OK
r-devel-linux-x86_64-fedora-gcc 1.3.1 132.63 OK
r-devel-windows-ix86+x86_64 1.3.1 51.00 148.00 199.00 OK
r-patched-linux-x86_64 1.3.1 11.80 94.45 106.25 OK
r-patched-osx-x86_64 1.3.1 OK
r-patched-solaris-x86 1.3.1 198.60 OK
r-release-linux-x86_64 1.3.1 9.00 85.15 94.15 OK
r-release-windows-ix86+x86_64 1.3.1 36.00 133.00 169.00 OK
r-release-osx-x86_64 1.3.1 WARN
r-oldrel-windows-ix86+x86_64 1.3.1 16.00 187.00 203.00 OK

Check Details

Version: 1.3.1
Check: whether package can be installed
Result: WARN
    Found the following significant warnings:
     Warning: 'rgl.init' failed, running with 'rgl.useNULL = TRUE'.
Flavor: r-release-osx-x86_64