CRAN Package Check Results for Package XBRL

Last updated on 2020-04-25 01:53:22 CEST.

Flavor Version Tinstall Tcheck Ttotal Status Flags
r-devel-linux-x86_64-debian-clang 0.99.18 110.12 26.87 136.99 NOTE
r-devel-linux-x86_64-debian-gcc 0.99.18 63.90 21.16 85.06 NOTE
r-devel-linux-x86_64-fedora-clang 0.99.18 195.50 NOTE
r-devel-linux-x86_64-fedora-gcc 0.99.18 177.07 NOTE
r-devel-windows-ix86+x86_64 0.99.18 271.00 65.00 336.00 NOTE
r-patched-linux-x86_64 0.99.18 86.09 26.74 112.83 NOTE
r-patched-osx-x86_64 0.99.18 NOTE
r-patched-solaris-x86 0.99.18 178.40 NOTE
r-release-linux-x86_64 0.99.18 85.91 24.80 110.71 NOTE
r-release-windows-ix86+x86_64 0.99.18 277.00 64.00 341.00 NOTE
r-release-osx-x86_64 0.99.18 NOTE
r-oldrel-windows-ix86+x86_64 0.99.18 158.00 84.00 242.00 NOTE
r-oldrel-osx-x86_64 0.99.18 OK

Check Details

Version: 0.99.18
Check: top-level files
Result: NOTE
    Found a 'configure.in' file: 'configure.ac' has long been preferred.
     Output from running autoreconf:
     aclocal: warning: autoconf input should be named 'configure.ac', not 'configure.in'
Flavors: r-devel-linux-x86_64-debian-clang, r-devel-linux-x86_64-debian-gcc, r-devel-linux-x86_64-fedora-clang, r-devel-linux-x86_64-fedora-gcc, r-patched-linux-x86_64, r-release-linux-x86_64

Version: 0.99.18
Check: installed package size
Result: NOTE
     installed size is 6.2Mb
     sub-directories of 1Mb or more:
     libs 6.1Mb
Flavors: r-devel-windows-ix86+x86_64, r-patched-osx-x86_64, r-release-windows-ix86+x86_64, r-oldrel-windows-ix86+x86_64

Version: 0.99.18
Check: top-level files
Result: NOTE
    Found a 'configure.in' file: 'configure.ac' has long been preferred.
Flavors: r-devel-windows-ix86+x86_64, r-patched-osx-x86_64, r-patched-solaris-x86, r-release-windows-ix86+x86_64, r-release-osx-x86_64