CRAN Package Check Results for Package VFP

Last updated on 2020-04-25 01:53:21 CEST.

Flavor Version Tinstall Tcheck Ttotal Status Flags
r-devel-linux-x86_64-debian-clang 1.2 13.33 114.17 127.50 OK
r-devel-linux-x86_64-debian-gcc 1.2 10.61 88.64 99.25 OK
r-devel-linux-x86_64-fedora-clang 1.2 149.85 OK
r-devel-linux-x86_64-fedora-gcc 1.2 157.73 OK
r-devel-windows-ix86+x86_64 1.2 31.00 121.00 152.00 OK
r-patched-linux-x86_64 1.2 11.26 111.73 122.99 OK
r-patched-osx-x86_64 1.2 WARN
r-patched-solaris-x86 1.2 214.70 OK
r-release-linux-x86_64 1.2 9.43 101.56 110.99 OK
r-release-windows-ix86+x86_64 1.2 25.00 110.00 135.00 OK
r-release-osx-x86_64 1.2 OK
r-oldrel-windows-ix86+x86_64 1.2 12.00 166.00 178.00 OK
r-oldrel-osx-x86_64 1.2 OK

Check Details

Version: 1.2
Check: re-building of vignette outputs
Result: WARN
    Error(s) in re-building vignettes:
    --- re-building ‘VFP_package_vignette.rmd’ using rmarkdown
    Loading required package: gnm
    
    Attaching package: 'VCA'
    
    The following object is masked from 'package:gnm':
    
     MPinv
    
    dyld: lazy symbol binding failed: Symbol not found: ____chkstk_darwin
     Referenced from: /usr/local/bin/pandoc (which was built for Mac OS X 10.15)
     Expected in: /usr/lib/libSystem.B.dylib
    
    dyld: Symbol not found: ____chkstk_darwin
     Referenced from: /usr/local/bin/pandoc (which was built for Mac OS X 10.15)
     Expected in: /usr/lib/libSystem.B.dylib
    
    Error: processing vignette 'VFP_package_vignette.rmd' failed with diagnostics:
    pandoc document conversion failed with error 6
    --- failed re-building ‘VFP_package_vignette.rmd’
    
    SUMMARY: processing the following file failed:
     ‘VFP_package_vignette.rmd’
    
    Error: Vignette re-building failed.
    Execution halted
Flavor: r-patched-osx-x86_64