CRAN Package Check Results for Package VCA

Last updated on 2020-04-25 01:53:21 CEST.

Flavor Version Tinstall Tcheck Ttotal Status Flags
r-devel-linux-x86_64-debian-clang 1.4.2 15.32 120.34 135.66 OK
r-devel-linux-x86_64-debian-gcc 1.4.2 15.16 92.68 107.84 OK
r-devel-linux-x86_64-fedora-clang 1.4.2 166.57 OK
r-devel-linux-x86_64-fedora-gcc 1.4.2 174.27 OK
r-devel-windows-ix86+x86_64 1.4.2 44.00 159.00 203.00 OK
r-patched-linux-x86_64 1.4.2 15.93 117.45 133.38 OK
r-patched-osx-x86_64 1.4.2 WARN
r-patched-solaris-x86 1.4.2 234.00 OK
r-release-linux-x86_64 1.4.2 14.56 107.37 121.93 OK
r-release-windows-ix86+x86_64 1.4.2 37.00 146.00 183.00 OK
r-release-osx-x86_64 1.4.2 OK
r-oldrel-windows-ix86+x86_64 1.4.2 23.00 201.00 224.00 OK
r-oldrel-osx-x86_64 1.4.2 OK

Check Details

Version: 1.4.2
Check: re-building of vignette outputs
Result: WARN
    Error(s) in re-building vignettes:
     ...
    --- re-building ‘VCA_package_vignette.Rmd’ using rmarkdown
    dyld: lazy symbol binding failed: Symbol not found: ____chkstk_darwin
     Referenced from: /usr/local/bin/pandoc (which was built for Mac OS X 10.15)
     Expected in: /usr/lib/libSystem.B.dylib
    
    dyld: Symbol not found: ____chkstk_darwin
     Referenced from: /usr/local/bin/pandoc (which was built for Mac OS X 10.15)
     Expected in: /usr/lib/libSystem.B.dylib
    
    Error: processing vignette 'VCA_package_vignette.Rmd' failed with diagnostics:
    pandoc document conversion failed with error 6
    --- failed re-building ‘VCA_package_vignette.Rmd’
    
    SUMMARY: processing the following file failed:
     ‘VCA_package_vignette.Rmd’
    
    Error: Vignette re-building failed.
    Execution halted
Flavor: r-patched-osx-x86_64