Last updated on 2020-04-25 01:53:21 CEST.
Flavor | Version | Tinstall | Tcheck | Ttotal | Status | Flags |
---|---|---|---|---|---|---|
r-devel-linux-x86_64-debian-clang | 0.1.2 | 5.05 | 69.73 | 74.78 | OK | |
r-devel-linux-x86_64-debian-gcc | 0.1.2 | 4.43 | 51.12 | 55.55 | OK | |
r-devel-linux-x86_64-fedora-clang | 0.1.2 | 86.96 | OK | |||
r-devel-linux-x86_64-fedora-gcc | 0.1.2 | 88.31 | OK | |||
r-devel-windows-ix86+x86_64 | 0.1.2 | 21.00 | 86.00 | 107.00 | OK | |
r-patched-linux-x86_64 | 0.1.2 | 4.86 | 67.84 | 72.70 | OK | |
r-patched-osx-x86_64 | 0.1.2 | OK | ||||
r-patched-solaris-x86 | 0.1.2 | 112.00 | NOTE | |||
r-release-linux-x86_64 | 0.1.2 | 4.38 | 60.42 | 64.80 | OK | |
r-release-windows-ix86+x86_64 | 0.1.2 | 10.00 | 74.00 | 84.00 | OK | |
r-release-osx-x86_64 | 0.1.2 | OK | ||||
r-oldrel-windows-ix86+x86_64 | 0.1.2 | 6.00 | 80.00 | 86.00 | OK | |
r-oldrel-osx-x86_64 | 0.1.2 | OK |
Version: 0.1.2
Check: package dependencies
Result: NOTE
Package suggested but not available for checking: ‘TSstudio’
Flavor: r-patched-solaris-x86