Last updated on 2020-04-25 01:53:21 CEST.
Flavor | Version | Tinstall | Tcheck | Ttotal | Status | Flags |
---|---|---|---|---|---|---|
r-devel-linux-x86_64-debian-clang | 2.1 | 49.07 | 124.42 | 173.49 | OK | |
r-devel-linux-x86_64-debian-gcc | 2.1 | 34.35 | 90.18 | 124.53 | OK | |
r-devel-linux-x86_64-fedora-clang | 2.1 | 222.82 | OK | |||
r-devel-linux-x86_64-fedora-gcc | 2.1 | 208.17 | OK | |||
r-devel-windows-ix86+x86_64 | 2.1 | 121.00 | 191.00 | 312.00 | OK | |
r-patched-linux-x86_64 | 2.1 | 39.14 | 118.79 | 157.93 | OK | |
r-patched-osx-x86_64 | 2.1 | OK | ||||
r-patched-solaris-x86 | 2.1 | 458.70 | OK | |||
r-release-linux-x86_64 | 2.1 | 39.71 | 118.13 | 157.84 | OK | |
r-release-windows-ix86+x86_64 | 2.1 | 110.00 | 171.00 | 281.00 | OK | |
r-release-osx-x86_64 | 2.1 | OK | ||||
r-oldrel-windows-ix86+x86_64 | 2.1 | 75.00 | 188.00 | 263.00 | WARN | |
r-oldrel-osx-x86_64 | 2.1 | OK |
Version: 2.1
Check: re-building of vignette outputs
Result: WARN
Error in re-building vignettes:
...
Quitting from lines 171-210 (TruncatedNormal_vignette.Rmd)
Error: processing vignette 'TruncatedNormal_vignette.Rmd' failed with diagnostics:
cannot open the connection
Execution halted
Flavor: r-oldrel-windows-ix86+x86_64