CRAN Package Check Results for Package TargomoR

Last updated on 2020-04-25 01:53:20 CEST.

Flavor Version Tinstall Tcheck Ttotal Status Flags
r-devel-linux-x86_64-debian-clang 0.2.0 3.12 27.73 30.85 OK
r-devel-linux-x86_64-debian-gcc 0.2.0 2.47 21.68 24.15 OK
r-devel-linux-x86_64-fedora-clang 0.2.0 37.64 NOTE
r-devel-linux-x86_64-fedora-gcc 0.2.0 37.07 NOTE
r-devel-windows-ix86+x86_64 0.2.0 19.00 42.00 61.00 OK
r-patched-linux-x86_64 0.2.0 3.22 27.21 30.43 OK
r-patched-osx-x86_64 0.2.0 NOTE
r-patched-solaris-x86 0.2.0 56.00 NOTE
r-release-linux-x86_64 0.2.0 2.58 25.23 27.81 OK
r-release-windows-ix86+x86_64 0.2.0 9.00 58.00 67.00 OK
r-release-osx-x86_64 0.2.0 NOTE
r-oldrel-windows-ix86+x86_64 0.2.0 3.00 38.00 41.00 OK
r-oldrel-osx-x86_64 0.2.0 NOTE

Check Details

Version: 0.2.0
Check: dependencies in R code
Result: NOTE
    Namespace in Imports field not imported from: ‘xml2’
     All declared Imports should be used.
Flavors: r-devel-linux-x86_64-fedora-clang, r-devel-linux-x86_64-fedora-gcc, r-patched-osx-x86_64, r-patched-solaris-x86, r-release-osx-x86_64, r-oldrel-osx-x86_64