CRAN Package Check Results for Package TangPoemR

Last updated on 2020-04-25 01:53:20 CEST.

Flavor Version Tinstall Tcheck Ttotal Status Flags
r-devel-linux-x86_64-debian-clang 0.1.0 1.90 17.06 18.96 OK
r-devel-linux-x86_64-debian-gcc 0.1.0 1.40 13.79 15.19 OK
r-devel-linux-x86_64-fedora-clang 0.1.0 23.79 NOTE
r-devel-linux-x86_64-fedora-gcc 0.1.0 23.06 NOTE
r-devel-windows-ix86+x86_64 0.1.0 6.00 32.00 38.00 OK
r-patched-linux-x86_64 0.1.0 1.83 16.96 18.79 OK
r-patched-osx-x86_64 0.1.0 NOTE
r-patched-solaris-x86 0.1.0 38.20 NOTE
r-release-linux-x86_64 0.1.0 1.29 15.89 17.18 OK
r-release-windows-ix86+x86_64 0.1.0 6.00 28.00 34.00 OK
r-release-osx-x86_64 0.1.0 NOTE
r-oldrel-windows-ix86+x86_64 0.1.0 2.00 41.00 43.00 OK
r-oldrel-osx-x86_64 0.1.0 NOTE

Check Details

Version: 0.1.0
Check: dependencies in R code
Result: NOTE
    Namespace in Imports field not imported from: ‘jiebaR’
     All declared Imports should be used.
Flavors: r-devel-linux-x86_64-fedora-clang, r-devel-linux-x86_64-fedora-gcc, r-patched-osx-x86_64, r-patched-solaris-x86, r-release-osx-x86_64, r-oldrel-osx-x86_64