CRAN Package Check Results for Package TTAinterfaceTrendAnalysis

Last updated on 2020-04-25 01:53:21 CEST.

Flavor Version Tinstall Tcheck Ttotal Status Flags
r-devel-linux-x86_64-debian-clang 1.5.5 24.24 112.82 137.06 OK
r-devel-linux-x86_64-debian-gcc 1.5.5 19.94 86.92 106.86 OK
r-devel-linux-x86_64-fedora-clang 1.5.5 168.48 OK
r-devel-linux-x86_64-fedora-gcc 1.5.5 169.41 OK
r-devel-windows-ix86+x86_64 1.5.5 58.00 104.00 162.00 OK
r-patched-linux-x86_64 1.5.5 26.18 110.68 136.86 OK
r-patched-osx-x86_64 1.5.5 OK
r-patched-solaris-x86 1.5.5 242.00 OK
r-release-linux-x86_64 1.5.5 23.77 102.61 126.38 OK
r-release-windows-ix86+x86_64 1.5.5 37.00 99.00 136.00 OK
r-release-osx-x86_64 1.5.5 OK
r-oldrel-windows-ix86+x86_64 1.5.5 22.00 115.00 137.00 OK
r-oldrel-osx-x86_64 1.5.5 ERROR

Check Details

Version: 1.5.5
Check: whether package can be installed
Result: ERROR
    Installation failed.
Flavor: r-oldrel-osx-x86_64