CRAN Package Check Results for Package TR8

Last updated on 2020-04-25 01:53:20 CEST.

Flavor Version Tinstall Tcheck Ttotal Status Flags
r-devel-linux-x86_64-debian-clang 0.9.20 13.12 101.61 114.73 OK
r-devel-linux-x86_64-debian-gcc 0.9.20 11.15 79.93 91.08 OK
r-devel-linux-x86_64-fedora-clang 0.9.20 145.90 NOTE
r-devel-linux-x86_64-fedora-gcc 0.9.20 145.18 NOTE
r-devel-windows-ix86+x86_64 0.9.20 48.00 113.00 161.00 OK
r-patched-linux-x86_64 0.9.20 13.84 99.54 113.38 OK
r-patched-osx-x86_64 0.9.20 NOTE
r-patched-solaris-x86 0.9.20 219.00 NOTE
r-release-linux-x86_64 0.9.20 12.61 93.02 105.63 OK
r-release-windows-ix86+x86_64 0.9.20 38.00 108.00 146.00 OK
r-release-osx-x86_64 0.9.20 NOTE
r-oldrel-windows-ix86+x86_64 0.9.20 16.00 100.00 116.00 OK
r-oldrel-osx-x86_64 0.9.20 NOTE

Check Details

Version: 0.9.20
Check: data for non-ASCII characters
Result: NOTE
     Note: found 153 marked Latin-1 strings
     Note: found 108 marked UTF-8 strings
Flavors: r-devel-linux-x86_64-fedora-clang, r-devel-linux-x86_64-fedora-gcc, r-patched-osx-x86_64, r-patched-solaris-x86, r-release-osx-x86_64, r-oldrel-osx-x86_64