CRAN Package Check Results for Package TOC

Last updated on 2020-04-25 01:53:20 CEST.

Flavor Version Tinstall Tcheck Ttotal Status Flags
r-devel-linux-x86_64-debian-clang 0.0-4 10.57 81.57 92.14 OK
r-devel-linux-x86_64-debian-gcc 0.0-4 8.50 65.45 73.95 OK
r-devel-linux-x86_64-fedora-clang 0.0-4 113.34 WARN
r-devel-linux-x86_64-fedora-gcc 0.0-4 112.53 OK
r-devel-windows-ix86+x86_64 0.0-4 25.00 82.00 107.00 OK
r-patched-linux-x86_64 0.0-4 10.85 81.93 92.78 OK
r-patched-osx-x86_64 0.0-4 OK
r-patched-solaris-x86 0.0-4 184.30 OK
r-release-linux-x86_64 0.0-4 8.62 73.99 82.61 OK
r-release-windows-ix86+x86_64 0.0-4 21.00 73.00 94.00 OK
r-release-osx-x86_64 0.0-4 OK
r-oldrel-windows-ix86+x86_64 0.0-4 11.00 78.00 89.00 OK
r-oldrel-osx-x86_64 0.0-4 OK

Check Details

Version: 0.0-4
Check: package dependencies
Result: WARN
    Requires orphaned package: ‘bit’
Flavor: r-devel-linux-x86_64-fedora-clang