CRAN Package Check Results for Package TMDb

Last updated on 2020-04-25 01:53:20 CEST.

Flavor Version Tinstall Tcheck Ttotal Status Flags
r-devel-linux-x86_64-debian-clang 1.1 4.76 35.48 40.24 OK
r-devel-linux-x86_64-debian-gcc 1.1 4.12 28.14 32.26 OK
r-devel-linux-x86_64-fedora-clang 1.1 49.93 OK
r-devel-linux-x86_64-fedora-gcc 1.1 48.81 OK
r-devel-windows-ix86+x86_64 1.1 16.00 49.00 65.00 OK
r-patched-linux-x86_64 1.1 4.69 35.46 40.15 OK
r-patched-osx-x86_64 1.1 OK
r-patched-solaris-x86 1.1 72.10 OK
r-release-linux-x86_64 1.1 3.94 33.80 37.74 OK
r-release-windows-ix86+x86_64 1.1 11.00 49.00 60.00 OK
r-release-osx-x86_64 1.1 OK
r-oldrel-windows-ix86+x86_64 1.0 7.00 46.00 53.00 NOTE
r-oldrel-osx-x86_64 1.1 ERROR

Check Details

Version: 1.0
Check: R code for possible problems
Result: NOTE
    search_collection: no visible global function definition for
     'URLencode'
    search_company: no visible global function definition for 'URLencode'
    search_keyword: no visible global function definition for 'URLencode'
    search_list: no visible global function definition for 'URLencode'
    search_movie: no visible global function definition for 'URLencode'
    search_multi: no visible global function definition for 'URLencode'
    search_person: no visible global function definition for 'URLencode'
    search_tv: no visible global function definition for 'URLencode'
    Undefined global functions or variables:
     URLencode
    Consider adding
     importFrom("utils", "URLencode")
    to your NAMESPACE file.
Flavor: r-oldrel-windows-ix86+x86_64

Version: 1.1
Check: whether package can be installed
Result: ERROR
    Installation failed.
Flavor: r-oldrel-osx-x86_64