Last updated on 2020-04-25 01:53:20 CEST.
Flavor | Version | Tinstall | Tcheck | Ttotal | Status | Flags |
---|---|---|---|---|---|---|
r-devel-linux-x86_64-debian-clang | 1.7.16 | 77.97 | 71.41 | 149.38 | OK | |
r-devel-linux-x86_64-debian-gcc | 1.7.16 | 59.13 | 56.09 | 115.22 | OK | |
r-devel-linux-x86_64-fedora-clang | 1.7.16 | 197.91 | NOTE | |||
r-devel-linux-x86_64-fedora-gcc | 1.7.16 | 186.00 | OK | |||
r-devel-windows-ix86+x86_64 | 1.7.16 | 156.00 | 98.00 | 254.00 | NOTE | |
r-patched-linux-x86_64 | 1.7.16 | 58.93 | 71.32 | 130.25 | OK | |
r-patched-osx-x86_64 | 1.7.16 | NOTE | ||||
r-patched-solaris-x86 | 1.7.16 | 206.80 | OK | |||
r-release-linux-x86_64 | 1.7.16 | 57.18 | 65.12 | 122.30 | OK | |
r-release-windows-ix86+x86_64 | 1.7.16 | 156.00 | 89.00 | 245.00 | NOTE | |
r-release-osx-x86_64 | 1.7.16 | NOTE | ||||
r-oldrel-windows-ix86+x86_64 | 1.7.16 | 99.00 | 118.00 | 217.00 | NOTE | |
r-oldrel-osx-x86_64 | 1.7.16 | NOTE |
Version: 1.7.16
Check: installed package size
Result: NOTE
installed size is 18.5Mb
sub-directories of 1Mb or more:
examples 15.0Mb
include 3.0Mb
Flavors: r-devel-linux-x86_64-fedora-clang, r-devel-windows-ix86+x86_64, r-patched-osx-x86_64, r-release-windows-ix86+x86_64, r-release-osx-x86_64, r-oldrel-windows-ix86+x86_64, r-oldrel-osx-x86_64