CRAN Package Check Results for Package TLMoments

Last updated on 2020-04-25 01:53:20 CEST.

Flavor Version Tinstall Tcheck Ttotal Status Flags
r-devel-linux-x86_64-debian-clang 0.7.5 40.73 155.12 195.85 OK
r-devel-linux-x86_64-debian-gcc 0.7.5 26.91 109.39 136.30 OK
r-devel-linux-x86_64-fedora-clang 0.7.5 229.92 OK
r-devel-linux-x86_64-fedora-gcc 0.7.5 222.35 OK
r-devel-windows-ix86+x86_64 0.7.5 109.00 170.00 279.00 OK
r-patched-linux-x86_64 0.7.5 31.05 151.19 182.24 OK
r-patched-osx-x86_64 0.7.5 WARN
r-patched-solaris-x86 0.7.5 279.10 OK
r-release-linux-x86_64 0.7.5 32.90 144.59 177.49 OK
r-release-windows-ix86+x86_64 0.7.5 96.00 161.00 257.00 OK
r-release-osx-x86_64 0.7.5 OK
r-oldrel-windows-ix86+x86_64 0.7.5 58.00 211.00 269.00 OK
r-oldrel-osx-x86_64 0.7.5 OK

Check Details

Version: 0.7.5
Check: re-building of vignette outputs
Result: WARN
    Error(s) in re-building vignettes:
    --- re-building ‘comparison_of_computation_time.Rmd’ using rmarkdown
    Loading required package: Rcpp
    
    Attaching package: 'lmom'
    
    The following objects are masked from 'package:lmomco':
    
     cdfexp, cdfgam, cdfgev, cdfglo, cdfgno, cdfgpa, cdfgum, cdfkap,
     cdfln3, cdfnor, cdfpe3, cdfwak, cdfwei, quaexp, quagam, quagev,
     quaglo, quagno, quagpa, quagum, quakap, qualn3, quanor, quape3,
     quawak, quawei
    
    dyld: lazy symbol binding failed: Symbol not found: ____chkstk_darwin
     Referenced from: /usr/local/bin/pandoc (which was built for Mac OS X 10.15)
     Expected in: /usr/lib/libSystem.B.dylib
    
    dyld: Symbol not found: ____chkstk_darwin
     Referenced from: /usr/local/bin/pandoc (which was built for Mac OS X 10.15)
     Expected in: /usr/lib/libSystem.B.dylib
    
    Error: processing vignette 'comparison_of_computation_time.Rmd' failed with diagnostics:
    pandoc document conversion failed with error 6
    --- failed re-building ‘comparison_of_computation_time.Rmd’
    
    --- re-building ‘short_introduction.Rmd’ using rmarkdown
    dyld: lazy symbol binding failed: Symbol not found: ____chkstk_darwin
     Referenced from: /usr/local/bin/pandoc (which was built for Mac OS X 10.15)
     Expected in: /usr/lib/libSystem.B.dylib
    
    dyld: Symbol not found: ____chkstk_darwin
     Referenced from: /usr/local/bin/pandoc (which was built for Mac OS X 10.15)
     Expected in: /usr/lib/libSystem.B.dylib
    
    Error: processing vignette 'short_introduction.Rmd' failed with diagnostics:
    pandoc document conversion failed with error 6
    --- failed re-building ‘short_introduction.Rmd’
    
    SUMMARY: processing the following files failed:
     ‘comparison_of_computation_time.Rmd’ ‘short_introduction.Rmd’
    
    Error: Vignette re-building failed.
    Execution halted
Flavor: r-patched-osx-x86_64