CRAN Package Check Results for Package TIMP

Last updated on 2020-04-25 01:53:20 CEST.

Flavor Version Tinstall Tcheck Ttotal Status Flags
r-devel-linux-x86_64-debian-clang 1.13.2 18.78 122.39 141.17 NOTE
r-devel-linux-x86_64-debian-gcc 1.13.2 17.50 94.85 112.35 NOTE
r-devel-linux-x86_64-fedora-clang 1.13.2 169.79 NOTE
r-devel-linux-x86_64-fedora-gcc 1.13.2 169.28 NOTE
r-devel-windows-ix86+x86_64 1.13.2 43.00 177.00 220.00 OK
r-patched-linux-x86_64 1.13.2 20.06 122.59 142.65 NOTE
r-patched-osx-x86_64 1.13.2 OK
r-patched-solaris-x86 1.13.2 227.30 NOTE
r-release-linux-x86_64 1.13.2 16.40 110.71 127.11 OK
r-release-windows-ix86+x86_64 1.13.2 36.00 166.00 202.00 OK
r-release-osx-x86_64 1.13.2 OK
r-oldrel-windows-ix86+x86_64 1.13.2 18.00 229.00 247.00 OK
r-oldrel-osx-x86_64 1.13.2 OK

Check Details

Version: 1.13.2
Check: for non-standard things in the check directory
Result: NOTE
    Found the following files/directories:
     '_paramEst.txt'
Flavors: r-devel-linux-x86_64-debian-clang, r-devel-linux-x86_64-debian-gcc, r-devel-linux-x86_64-fedora-clang, r-devel-linux-x86_64-fedora-gcc, r-patched-linux-x86_64, r-patched-solaris-x86