CRAN Package Check Results for Package TDAstats

Last updated on 2020-04-25 01:53:20 CEST.

Flavor Version Tinstall Tcheck Ttotal Status Flags
r-devel-linux-x86_64-debian-clang 0.4.1 23.48 65.91 89.39 OK
r-devel-linux-x86_64-debian-gcc 0.4.1 15.51 51.32 66.83 OK
r-devel-linux-x86_64-fedora-clang 0.4.1 110.16 OK
r-devel-linux-x86_64-fedora-gcc 0.4.1 104.65 OK
r-devel-windows-ix86+x86_64 0.4.1 66.00 102.00 168.00 OK
r-patched-linux-x86_64 0.4.1 17.33 64.57 81.90 OK
r-patched-osx-x86_64 0.4.1 WARN
r-patched-solaris-x86 0.4.1 135.50 OK
r-release-linux-x86_64 0.4.1 16.87 62.32 79.19 OK
r-release-windows-ix86+x86_64 0.4.1 60.00 102.00 162.00 OK
r-release-osx-x86_64 0.4.1 OK
r-oldrel-windows-ix86+x86_64 0.4.1 38.00 106.00 144.00 OK
r-oldrel-osx-x86_64 0.4.1 OK

Check Details

Version: 0.4.1
Check: re-building of vignette outputs
Result: WARN
    Error(s) in re-building vignettes:
    --- re-building ‘inference.Rmd’ using rmarkdown
    dyld: lazy symbol binding failed: Symbol not found: ____chkstk_darwin
     Referenced from: /usr/local/bin/pandoc (which was built for Mac OS X 10.15)
     Expected in: /usr/lib/libSystem.B.dylib
    
    dyld: Symbol not found: ____chkstk_darwin
     Referenced from: /usr/local/bin/pandoc (which was built for Mac OS X 10.15)
     Expected in: /usr/lib/libSystem.B.dylib
    
    Error: processing vignette 'inference.Rmd' failed with diagnostics:
    pandoc document conversion failed with error 6
    --- failed re-building ‘inference.Rmd’
    
    --- re-building ‘inputformat.Rmd’ using rmarkdown
    dyld: lazy symbol binding failed: Symbol not found: ____chkstk_darwin
     Referenced from: /usr/local/bin/pandoc (which was built for Mac OS X 10.15)
     Expected in: /usr/lib/libSystem.B.dylib
    
    dyld: Symbol not found: ____chkstk_darwin
     Referenced from: /usr/local/bin/pandoc (which was built for Mac OS X 10.15)
     Expected in: /usr/lib/libSystem.B.dylib
    
    Error: processing vignette 'inputformat.Rmd' failed with diagnostics:
    pandoc document conversion failed with error 6
    --- failed re-building ‘inputformat.Rmd’
    
    --- re-building ‘intro.Rmd’ using rmarkdown
    dyld: lazy symbol binding failed: Symbol not found: ____chkstk_darwin
     Referenced from: /usr/local/bin/pandoc (which was built for Mac OS X 10.15)
     Expected in: /usr/lib/libSystem.B.dylib
    
    dyld: Symbol not found: ____chkstk_darwin
     Referenced from: /usr/local/bin/pandoc (which was built for Mac OS X 10.15)
     Expected in: /usr/lib/libSystem.B.dylib
    
    Error: processing vignette 'intro.Rmd' failed with diagnostics:
    pandoc document conversion failed with error 6
    --- failed re-building ‘intro.Rmd’
    
    SUMMARY: processing the following files failed:
     ‘inference.Rmd’ ‘inputformat.Rmd’ ‘intro.Rmd’
    
    Error: Vignette re-building failed.
    Execution halted
Flavor: r-patched-osx-x86_64