CRAN Package Check Results for Package TAM

Last updated on 2020-04-25 01:53:20 CEST.

Flavor Version Tinstall Tcheck Ttotal Status Flags
r-devel-linux-x86_64-debian-clang 3.4-26 230.57 174.06 404.63 OK
r-devel-linux-x86_64-debian-gcc 3.4-26 132.48 131.42 263.90 OK
r-devel-linux-x86_64-fedora-clang 3.4-26 511.98 NOTE
r-devel-linux-x86_64-fedora-gcc 3.4-26 465.27 OK
r-devel-windows-ix86+x86_64 3.4-26 502.00 201.00 703.00 OK
r-patched-linux-x86_64 3.4-26 164.40 171.64 336.04 OK
r-patched-osx-x86_64 3.4-26 NOTE
r-patched-solaris-x86 3.4-26 469.60 OK
r-release-linux-x86_64 3.4-26 164.30 154.58 318.88 OK
r-release-windows-ix86+x86_64 3.4-26 465.00 195.00 660.00 OK
r-release-osx-x86_64 3.4-26 NOTE
r-oldrel-windows-ix86+x86_64 3.4-26 282.00 239.00 521.00 OK
r-oldrel-osx-x86_64 3.4-26 NOTE

Check Details

Version: 3.4-26
Check: installed package size
Result: NOTE
     installed size is 7.9Mb
     sub-directories of 1Mb or more:
     R 1.3Mb
     libs 5.6Mb
Flavors: r-devel-linux-x86_64-fedora-clang, r-patched-osx-x86_64, r-release-osx-x86_64, r-oldrel-osx-x86_64