Last updated on 2020-04-25 01:53:19 CEST.
Flavor | Version | Tinstall | Tcheck | Ttotal | Status | Flags |
---|---|---|---|---|---|---|
r-devel-linux-x86_64-debian-clang | 0.3.0 | 11.37 | 74.66 | 86.03 | OK | |
r-devel-linux-x86_64-debian-gcc | 0.3.0 | 9.05 | 56.64 | 65.69 | OK | |
r-devel-linux-x86_64-fedora-clang | 0.3.0 | 103.15 | NOTE | |||
r-devel-linux-x86_64-fedora-gcc | 0.3.0 | 104.04 | NOTE | |||
r-devel-windows-ix86+x86_64 | 0.3.0 | 27.00 | 72.00 | 99.00 | OK | |
r-patched-linux-x86_64 | 0.3.0 | 12.03 | 72.71 | 84.74 | OK | |
r-patched-osx-x86_64 | 0.3.0 | NOTE | ||||
r-patched-solaris-x86 | 0.3.0 | 156.70 | NOTE | |||
r-release-linux-x86_64 | 0.3.0 | 9.03 | 66.55 | 75.58 | OK | |
r-release-windows-ix86+x86_64 | 0.3.0 | 23.00 | 72.00 | 95.00 | OK | |
r-release-osx-x86_64 | 0.3.0 | NOTE | ||||
r-oldrel-windows-ix86+x86_64 | 0.3.0 | 10.00 | 103.00 | 113.00 | OK | |
r-oldrel-osx-x86_64 | 0.3.0 | NOTE |
Version: 0.3.0
Check: dependencies in R code
Result: NOTE
Namespaces in Imports field not imported from:
‘R.matlab’ ‘fBasics’ ‘spls’
All declared Imports should be used.
Flavors: r-devel-linux-x86_64-fedora-clang, r-devel-linux-x86_64-fedora-gcc, r-patched-osx-x86_64, r-patched-solaris-x86, r-release-osx-x86_64, r-oldrel-osx-x86_64