CRAN Package Check Results for Package SuperGauss

Last updated on 2020-04-25 01:53:19 CEST.

Flavor Version Tinstall Tcheck Ttotal Status Flags
r-devel-linux-x86_64-debian-clang 1.0.2 38.41 83.63 122.04 OK
r-devel-linux-x86_64-debian-gcc 1.0.2 26.07 64.10 90.17 OK
r-devel-linux-x86_64-fedora-clang 1.0.2 164.45 NOTE
r-devel-linux-x86_64-fedora-gcc 1.0.2 154.05 OK
r-devel-windows-ix86+x86_64 1.0.2 105.00 119.00 224.00 OK
r-patched-linux-x86_64 1.0.2 32.86 81.18 114.04 OK
r-patched-osx-x86_64 1.0.2 WARN
r-patched-solaris-x86 1.0.2 252.20 OK
r-release-linux-x86_64 1.0.2 33.74 79.76 113.50 OK
r-release-windows-ix86+x86_64 1.0.2 94.00 117.00 211.00 OK
r-release-osx-x86_64 1.0.2 NOTE
r-oldrel-windows-ix86+x86_64 1.0.2 58.00 126.00 184.00 OK
r-oldrel-osx-x86_64 1.0.2 NOTE

Check Details

Version: 1.0.2
Check: installed package size
Result: NOTE
     installed size is 5.0Mb
     sub-directories of 1Mb or more:
     libs 4.3Mb
Flavors: r-devel-linux-x86_64-fedora-clang, r-patched-osx-x86_64, r-release-osx-x86_64, r-oldrel-osx-x86_64

Version: 1.0.2
Check: re-building of vignette outputs
Result: WARN
    Error(s) in re-building vignettes:
     ...
    --- re-building ‘SuperGauss-quicktut.Rmd’ using rmarkdown
    dyld: lazy symbol binding failed: Symbol not found: ____chkstk_darwin
     Referenced from: /usr/local/bin/pandoc (which was built for Mac OS X 10.15)
     Expected in: /usr/lib/libSystem.B.dylib
    
    dyld: Symbol not found: ____chkstk_darwin
     Referenced from: /usr/local/bin/pandoc (which was built for Mac OS X 10.15)
     Expected in: /usr/lib/libSystem.B.dylib
    
    Error: processing vignette 'SuperGauss-quicktut.Rmd' failed with diagnostics:
    pandoc document conversion failed with error 6
    --- failed re-building ‘SuperGauss-quicktut.Rmd’
    
    SUMMARY: processing the following file failed:
     ‘SuperGauss-quicktut.Rmd’
    
    Error: Vignette re-building failed.
    Execution halted
Flavor: r-patched-osx-x86_64