CRAN Package Check Results for Package StratifiedBalancing

Last updated on 2020-04-25 01:53:19 CEST.

Flavor Version Tinstall Tcheck Ttotal Status Flags
r-devel-linux-x86_64-debian-clang 0.3.0 3.26 27.43 30.69 OK
r-devel-linux-x86_64-debian-gcc 0.3.0 3.19 21.56 24.75 OK
r-devel-linux-x86_64-fedora-clang 0.3.0 38.76 NOTE
r-devel-linux-x86_64-fedora-gcc 0.3.0 37.87 NOTE
r-devel-windows-ix86+x86_64 0.3.0 9.00 40.00 49.00 OK
r-patched-linux-x86_64 0.3.0 3.35 26.99 30.34 OK
r-patched-osx-x86_64 0.3.0 NOTE
r-patched-solaris-x86 0.3.0 60.30 NOTE
r-release-linux-x86_64 0.3.0 3.33 25.18 28.51 OK
r-release-windows-ix86+x86_64 0.3.0 8.00 36.00 44.00 OK
r-release-osx-x86_64 0.3.0 NOTE
r-oldrel-windows-ix86+x86_64 0.3.0 3.00 52.00 55.00 OK
r-oldrel-osx-x86_64 0.3.0 NOTE

Check Details

Version: 0.3.0
Check: dependencies in R code
Result: NOTE
    Namespace in Imports field not imported from: ‘bnlearn’
     All declared Imports should be used.
Flavors: r-devel-linux-x86_64-fedora-clang, r-devel-linux-x86_64-fedora-gcc, r-patched-osx-x86_64, r-patched-solaris-x86, r-release-osx-x86_64, r-oldrel-osx-x86_64