Last updated on 2020-04-25 01:53:19 CEST.
Flavor | Version | Tinstall | Tcheck | Ttotal | Status | Flags |
---|---|---|---|---|---|---|
r-devel-linux-x86_64-debian-clang | 1.2 | 3.04 | 21.29 | 24.33 | NOTE | |
r-devel-linux-x86_64-debian-gcc | 1.2 | 2.47 | 17.51 | 19.98 | NOTE | |
r-devel-linux-x86_64-fedora-clang | 1.2 | 31.66 | NOTE | |||
r-devel-linux-x86_64-fedora-gcc | 1.2 | 29.89 | NOTE | |||
r-devel-windows-ix86+x86_64 | 1.2 | 10.00 | 35.00 | 45.00 | NOTE | |
r-patched-linux-x86_64 | 1.2 | 2.81 | 21.29 | 24.10 | NOTE | |
r-patched-osx-x86_64 | 1.2 | NOTE | ||||
r-patched-solaris-x86 | 1.2 | 51.30 | NOTE | |||
r-release-linux-x86_64 | 1.2 | 2.14 | 19.65 | 21.79 | NOTE | |
r-release-windows-ix86+x86_64 | 1.2 | 9.00 | 32.00 | 41.00 | NOTE | |
r-release-osx-x86_64 | 1.2 | NOTE | ||||
r-oldrel-windows-ix86+x86_64 | 1.2 | 3.00 | 47.00 | 50.00 | NOTE | |
r-oldrel-osx-x86_64 | 1.2 | NOTE |
Version: 1.2
Check: DESCRIPTION meta-information
Result: NOTE
Malformed Title field: should not end in a period.
Flavors: r-devel-linux-x86_64-debian-clang, r-devel-linux-x86_64-debian-gcc, r-devel-linux-x86_64-fedora-clang, r-devel-linux-x86_64-fedora-gcc, r-devel-windows-ix86+x86_64, r-patched-linux-x86_64, r-patched-osx-x86_64, r-patched-solaris-x86, r-release-linux-x86_64, r-release-windows-ix86+x86_64, r-release-osx-x86_64, r-oldrel-windows-ix86+x86_64, r-oldrel-osx-x86_64