CRAN Package Check Results for Package StepwiseTest

Last updated on 2020-04-25 01:53:19 CEST.

Flavor Version Tinstall Tcheck Ttotal Status Flags
r-devel-linux-x86_64-debian-clang 1.0 32.98 22.75 55.73 OK
r-devel-linux-x86_64-debian-gcc 1.0 20.98 18.37 39.35 OK
r-devel-linux-x86_64-fedora-clang 1.0 73.92 NOTE
r-devel-linux-x86_64-fedora-gcc 1.0 67.86 NOTE
r-devel-windows-ix86+x86_64 1.0 82.00 59.00 141.00 OK
r-patched-linux-x86_64 1.0 24.33 22.58 46.91 OK
r-patched-osx-x86_64 1.0 OK
r-patched-solaris-x86 1.0 82.90 OK
r-release-linux-x86_64 1.0 25.19 20.86 46.05 OK
r-release-windows-ix86+x86_64 1.0 75.00 51.00 126.00 OK
r-release-osx-x86_64 1.0 OK
r-oldrel-windows-ix86+x86_64 1.0 44.00 71.00 115.00 OK
r-oldrel-osx-x86_64 1.0 OK

Check Details

Version: 1.0
Check: compiled code
Result: NOTE
    File ‘StepwiseTest/libs/StepwiseTest.so’:
     Found no calls to: ‘R_registerRoutines’, ‘R_useDynamicSymbols’
    
    It is good practice to register native routines and to disable symbol
    search.
    
    See ‘Writing portable packages’ in the ‘Writing R Extensions’ manual.
Flavors: r-devel-linux-x86_64-fedora-clang, r-devel-linux-x86_64-fedora-gcc