CRAN Package Check Results for Package StepReg

Last updated on 2020-04-25 01:53:19 CEST.

Flavor Version Tinstall Tcheck Ttotal Status Flags
r-devel-linux-x86_64-debian-clang 1.4.1 45.61 30.49 76.10 OK
r-devel-linux-x86_64-debian-gcc 1.4.1 33.55 25.69 59.24 OK
r-devel-linux-x86_64-fedora-clang 1.4.1 104.42 NOTE
r-devel-linux-x86_64-fedora-gcc 1.4.1 99.99 OK
r-devel-windows-ix86+x86_64 1.4.1 108.00 71.00 179.00 OK
r-patched-linux-x86_64 1.4.1 41.06 32.23 73.29 OK
r-patched-osx-x86_64 1.4.1 NOTE
r-patched-solaris-x86 1.4.1 106.70 OK
r-release-linux-x86_64 1.4.1 38.50 29.30 67.80 OK
r-release-windows-ix86+x86_64 1.4.1 90.00 55.00 145.00 OK
r-release-osx-x86_64 1.4.1 NOTE
r-oldrel-windows-ix86+x86_64 1.4.1 58.00 81.00 139.00 OK
r-oldrel-osx-x86_64 1.4.1 NOTE

Check Details

Version: 1.4.1
Check: installed package size
Result: NOTE
     installed size is 12.7Mb
     sub-directories of 1Mb or more:
     libs 12.5Mb
Flavors: r-devel-linux-x86_64-fedora-clang, r-patched-osx-x86_64, r-release-osx-x86_64, r-oldrel-osx-x86_64