CRAN Package Check Results for Package Stack

Last updated on 2020-04-25 01:53:19 CEST.

Flavor Version Tinstall Tcheck Ttotal Status Flags
r-devel-linux-x86_64-debian-clang 2.0-1 4.71 27.13 31.84 NOTE
r-devel-linux-x86_64-debian-gcc 2.0-1 3.91 21.82 25.73 NOTE
r-devel-linux-x86_64-fedora-clang 2.0-1 39.50 WARN
r-devel-linux-x86_64-fedora-gcc 2.0-1 38.90 NOTE
r-devel-windows-ix86+x86_64 2.0-1 11.00 40.00 51.00 NOTE
r-patched-linux-x86_64 2.0-1 4.27 26.72 30.99 NOTE
r-patched-osx-x86_64 2.0-1 NOTE
r-patched-solaris-x86 2.0-1 64.80 NOTE
r-release-linux-x86_64 2.0-1 3.86 25.07 28.93 NOTE
r-release-windows-ix86+x86_64 2.0-1 8.00 36.00 44.00 NOTE
r-release-osx-x86_64 2.0-1 NOTE
r-oldrel-windows-ix86+x86_64 2.0-1 4.00 56.00 60.00 NOTE
r-oldrel-osx-x86_64 2.0-1 NOTE

Check Details

Version: 2.0-1
Check: R code for possible problems
Result: NOTE
    .expandLevels: no visible global function definition for 'na.omit'
    .ffStack: no visible global function definition for 'na.omit'
    .ffffStack: no visible global function definition for 'na.omit'
    Stack : <anonymous>: no visible global function definition for
     'na.omit'
    ffStack,ffdf-data.frame: no visible global function definition for
     'na.omit'
    ffStack,ffdf-ffdf: no visible global function definition for 'na.omit'
    ffStack,ffdf-list: no visible global function definition for 'na.omit'
    Undefined global functions or variables:
     na.omit
    Consider adding
     importFrom("stats", "na.omit")
    to your NAMESPACE file.
Flavors: r-devel-linux-x86_64-debian-clang, r-devel-linux-x86_64-debian-gcc, r-devel-linux-x86_64-fedora-clang, r-devel-linux-x86_64-fedora-gcc, r-devel-windows-ix86+x86_64, r-patched-linux-x86_64, r-patched-osx-x86_64, r-patched-solaris-x86, r-release-linux-x86_64, r-release-windows-ix86+x86_64, r-release-osx-x86_64, r-oldrel-windows-ix86+x86_64, r-oldrel-osx-x86_64

Version: 2.0-1
Check: package dependencies
Result: WARN
    Requires orphaned package: ‘bit’
Flavor: r-devel-linux-x86_64-fedora-clang