Last updated on 2020-04-25 01:53:18 CEST.
Flavor | Version | Tinstall | Tcheck | Ttotal | Status | Flags |
---|---|---|---|---|---|---|
r-devel-linux-x86_64-debian-clang | 0.6-5 | 26.63 | 212.37 | 239.00 | OK | |
r-devel-linux-x86_64-debian-gcc | 0.6-5 | 22.44 | 165.39 | 187.83 | OK | |
r-devel-linux-x86_64-fedora-clang | 0.6-5 | 291.36 | OK | |||
r-devel-linux-x86_64-fedora-gcc | 0.6-5 | 290.13 | OK | |||
r-devel-windows-ix86+x86_64 | 0.6-5 | 70.00 | 231.00 | 301.00 | OK | |
r-patched-linux-x86_64 | 0.6-5 | 27.75 | 210.29 | 238.04 | OK | |
r-patched-osx-x86_64 | 0.6-5 | OK | ||||
r-patched-solaris-x86 | 0.6-5 | 437.40 | NOTE | |||
r-release-linux-x86_64 | 0.6-5 | 22.19 | 188.26 | 210.45 | OK | |
r-release-windows-ix86+x86_64 | 0.6-5 | 56.00 | 218.00 | 274.00 | OK | |
r-release-osx-x86_64 | 0.6-5 | OK | ||||
r-oldrel-windows-ix86+x86_64 | 0.6-5 | 28.00 | 251.00 | 279.00 | OK | |
r-oldrel-osx-x86_64 | 0.6-5 | OK |
Version: 0.6-5
Check: installed package size
Result: NOTE
installed size is 5.1Mb
sub-directories of 1Mb or more:
data 3.6Mb
Flavor: r-patched-solaris-x86