CRAN Package Check Results for Package SpaDES.addins

Last updated on 2020-04-25 01:53:18 CEST.

Flavor Version Tinstall Tcheck Ttotal Status Flags
r-devel-linux-x86_64-debian-clang 0.1.2 19.30 148.48 167.78 OK
r-devel-linux-x86_64-debian-gcc 0.1.2 16.63 114.14 130.77 OK
r-devel-linux-x86_64-fedora-clang 0.1.2 204.18 NOTE
r-devel-linux-x86_64-fedora-gcc 0.1.2 202.63 NOTE
r-devel-windows-ix86+x86_64 0.1.2 64.00 136.00 200.00 OK
r-patched-linux-x86_64 0.1.2 18.67 143.95 162.62 OK
r-patched-osx-x86_64 0.1.2 WARN
r-patched-solaris-x86 0.1.2 314.20 NOTE
r-release-linux-x86_64 0.1.2 12.09 126.99 139.08 OK
r-release-windows-ix86+x86_64 0.1.2 57.00 146.00 203.00 OK
r-release-osx-x86_64 0.1.2 NOTE
r-oldrel-windows-ix86+x86_64 0.1.2 18.00 169.00 187.00 OK
r-oldrel-osx-x86_64 0.1.2 NOTE

Check Details

Version: 0.1.2
Check: dependencies in R code
Result: NOTE
    Namespaces in Imports field not imported from:
     ‘devtools’ ‘rstudioapi’
     All declared Imports should be used.
Flavors: r-devel-linux-x86_64-fedora-clang, r-devel-linux-x86_64-fedora-gcc, r-patched-osx-x86_64, r-patched-solaris-x86, r-release-osx-x86_64, r-oldrel-osx-x86_64

Version: 0.1.2
Check: re-building of vignette outputs
Result: WARN
    Error(s) in re-building vignettes:
     ...
    --- re-building ‘i-rstudio-addins.Rmd’ using rmarkdown
    dyld: lazy symbol binding failed: Symbol not found: ____chkstk_darwin
     Referenced from: /usr/local/bin/pandoc (which was built for Mac OS X 10.15)
     Expected in: /usr/lib/libSystem.B.dylib
    
    dyld: Symbol not found: ____chkstk_darwin
     Referenced from: /usr/local/bin/pandoc (which was built for Mac OS X 10.15)
     Expected in: /usr/lib/libSystem.B.dylib
    
    Error: processing vignette 'i-rstudio-addins.Rmd' failed with diagnostics:
    pandoc document conversion failed with error 6
    --- failed re-building ‘i-rstudio-addins.Rmd’
    
    SUMMARY: processing the following file failed:
     ‘i-rstudio-addins.Rmd’
    
    Error: Vignette re-building failed.
    Execution halted
Flavor: r-patched-osx-x86_64