CRAN Package Check Results for Package SpaCCr

Last updated on 2020-04-25 01:53:18 CEST.

Flavor Version Tinstall Tcheck Ttotal Status Flags
r-devel-linux-x86_64-debian-clang 0.1.0 34.06 76.01 110.07 OK
r-devel-linux-x86_64-debian-gcc 0.1.0 21.82 57.33 79.15 OK
r-devel-linux-x86_64-fedora-clang 0.1.0 140.36 NOTE
r-devel-linux-x86_64-fedora-gcc 0.1.0 132.58 NOTE
r-devel-windows-ix86+x86_64 0.1.0 93.00 132.00 225.00 OK
r-patched-linux-x86_64 0.1.0 29.85 73.07 102.92 OK
r-patched-osx-x86_64 0.1.0 OK
r-patched-solaris-x86 0.1.0 160.40 OK
r-release-linux-x86_64 0.1.0 25.63 65.84 91.47 OK
r-release-windows-ix86+x86_64 0.1.0 81.00 131.00 212.00 OK
r-release-osx-x86_64 0.1.0 OK
r-oldrel-windows-ix86+x86_64 0.1.0 50.00 153.00 203.00 OK
r-oldrel-osx-x86_64 0.1.0 OK

Check Details

Version: 0.1.0
Check: compiled code
Result: NOTE
    File ‘SpaCCr/libs/SpaCCr.so’:
     Found no calls to: ‘R_registerRoutines’, ‘R_useDynamicSymbols’
    
    It is good practice to register native routines and to disable symbol
    search.
    
    See ‘Writing portable packages’ in the ‘Writing R Extensions’ manual.
Flavors: r-devel-linux-x86_64-fedora-clang, r-devel-linux-x86_64-fedora-gcc