CRAN Package Check Results for Package SoyNAM

Last updated on 2020-04-25 01:53:18 CEST.

Flavor Version Tinstall Tcheck Ttotal Status Flags
r-devel-linux-x86_64-debian-clang 1.6 8.93 79.64 88.57 OK
r-devel-linux-x86_64-debian-gcc 1.6 7.25 63.53 70.78 OK
r-devel-linux-x86_64-fedora-clang 1.6 109.46 NOTE
r-devel-linux-x86_64-fedora-gcc 1.6 109.15 OK
r-devel-windows-ix86+x86_64 1.6 26.00 79.00 105.00 NOTE
r-patched-linux-x86_64 1.6 8.42 78.08 86.50 OK
r-patched-osx-x86_64 1.6 NOTE
r-patched-solaris-x86 1.6 185.90 NOTE
r-release-linux-x86_64 1.6 7.15 71.76 78.91 OK
r-release-windows-ix86+x86_64 1.6 22.00 84.00 106.00 NOTE
r-release-osx-x86_64 1.6 NOTE
r-oldrel-windows-ix86+x86_64 1.6 9.00 112.00 121.00 NOTE
r-oldrel-osx-x86_64 1.6 NOTE

Check Details

Version: 1.6
Check: installed package size
Result: NOTE
     installed size is 5.3Mb
     sub-directories of 1Mb or more:
     data 5.2Mb
Flavors: r-devel-linux-x86_64-fedora-clang, r-devel-windows-ix86+x86_64, r-patched-osx-x86_64, r-patched-solaris-x86, r-release-windows-ix86+x86_64, r-release-osx-x86_64, r-oldrel-windows-ix86+x86_64, r-oldrel-osx-x86_64