CRAN Package Check Results for Package Sleuth3

Last updated on 2020-04-25 01:53:18 CEST.

Flavor Version Tinstall Tcheck Ttotal Status Flags
r-devel-linux-x86_64-debian-clang 1.0-3 5.42 259.42 264.84 OK
r-devel-linux-x86_64-debian-gcc 1.0-3 4.39 197.15 201.54 OK
r-devel-linux-x86_64-fedora-clang 1.0-3 317.53 NOTE
r-devel-linux-x86_64-fedora-gcc 1.0-3 338.87 OK
r-devel-windows-ix86+x86_64 1.0-3 21.00 346.00 367.00 NOTE
r-patched-linux-x86_64 1.0-3 5.79 250.04 255.83 OK
r-patched-osx-x86_64 1.0-3 NOTE
r-patched-solaris-x86 1.0-3 388.20 NOTE
r-release-linux-x86_64 1.0-3 5.08 229.97 235.05 OK
r-release-windows-ix86+x86_64 1.0-3 20.00 382.00 402.00 NOTE
r-release-osx-x86_64 1.0-3 NOTE
r-oldrel-windows-ix86+x86_64 1.0-3 10.00 332.00 342.00 NOTE
r-oldrel-osx-x86_64 1.0-3 NOTE

Check Details

Version: 1.0-3
Check: installed package size
Result: NOTE
     installed size is 5.1Mb
     sub-directories of 1Mb or more:
     doc 3.7Mb
Flavors: r-devel-linux-x86_64-fedora-clang, r-devel-windows-ix86+x86_64, r-patched-osx-x86_64, r-patched-solaris-x86, r-release-windows-ix86+x86_64, r-release-osx-x86_64, r-oldrel-windows-ix86+x86_64, r-oldrel-osx-x86_64