CRAN Package Check Results for Package Signac

Last updated on 2020-04-25 01:53:17 CEST.

Flavor Version Tinstall Tcheck Ttotal Status Flags
r-devel-linux-x86_64-debian-clang 0.2.5 39.53 361.02 400.55 OK
r-devel-linux-x86_64-debian-gcc 0.2.5 34.14 278.15 312.29 OK
r-devel-linux-x86_64-fedora-clang 0.2.5 491.66 NOTE
r-devel-linux-x86_64-fedora-gcc 0.2.5 493.38 NOTE
r-devel-windows-ix86+x86_64 0.2.5 112.00 300.00 412.00 OK
r-patched-linux-x86_64 0.2.5 37.98 348.17 386.15 OK
r-patched-osx-x86_64 0.2.5 NOTE
r-patched-solaris-x86 0.2.5 609.80 NOTE
r-release-linux-x86_64 0.2.5 31.86 310.32 342.18 OK
r-release-windows-ix86+x86_64 0.2.5 117.00 300.00 417.00 OK
r-release-osx-x86_64 0.2.5 ERROR
r-oldrel-windows-ix86+x86_64 0.2.5 37.00 290.00 327.00 OK
r-oldrel-osx-x86_64 0.2.4 ERROR

Check Details

Version: 0.2.5
Check: package dependencies
Result: NOTE
    Packages suggested but not available for checking:
     'chromVAR', 'TFBSTools', 'motifmatchr'
Flavors: r-devel-linux-x86_64-fedora-clang, r-devel-linux-x86_64-fedora-gcc, r-patched-osx-x86_64, r-patched-solaris-x86, r-release-osx-x86_64

Version: 0.2.5
Check: Rd cross-references
Result: NOTE
    Packages unavailable to check Rd xrefs: ‘TFBSTools’, ‘motifmatchr’, ‘chromVAR’
Flavors: r-devel-linux-x86_64-fedora-clang, r-devel-linux-x86_64-fedora-gcc, r-patched-osx-x86_64, r-patched-solaris-x86

Version: 0.2.5
Check: whether package can be installed
Result: ERROR
    Installation failed.
Flavor: r-release-osx-x86_64

Version: 0.2.4
Check: package dependencies
Result: ERROR
    Packages required but not available:
     ‘GenomicFeatures’ ‘Rsamtools’ ‘BSgenome’
    
    Packages suggested but not available for checking:
     ‘chromVAR’ ‘TFBSTools’ ‘motifmatchr’ ‘BSgenome.Hsapiens.UCSC.hg19’
     ‘EnsDb.Hsapiens.v75’ ‘JASPAR2018’
    
    See section ‘The DESCRIPTION file’ in the ‘Writing R Extensions’
    manual.
Flavor: r-oldrel-osx-x86_64