CRAN Package Check Results for Package ShinyItemAnalysis

Last updated on 2020-04-25 01:53:17 CEST.

Flavor Version Tinstall Tcheck Ttotal Status Flags
r-devel-linux-x86_64-debian-clang 1.3.2 18.75 156.82 175.57 OK
r-devel-linux-x86_64-debian-gcc 1.3.2 14.44 118.96 133.40 OK
r-devel-linux-x86_64-fedora-clang 1.3.2 221.49 NOTE
r-devel-linux-x86_64-fedora-gcc 1.3.2 223.52 NOTE
r-devel-windows-ix86+x86_64 1.3.2 65.00 155.00 220.00 OK
r-patched-linux-x86_64 1.3.2 17.88 149.16 167.04 OK
r-patched-osx-x86_64 1.3.2 NOTE
r-patched-solaris-x86 1.3.2 298.30 NOTE
r-release-linux-x86_64 1.3.2 14.40 138.40 152.80 OK
r-release-windows-ix86+x86_64 1.3.2 44.00 168.00 212.00 OK
r-release-osx-x86_64 1.3.2 NOTE
r-oldrel-windows-ix86+x86_64 1.3.2 22.00 186.00 208.00 OK
r-oldrel-osx-x86_64 1.3.2 NOTE

Check Details

Version: 1.3.2
Check: package dependencies
Result: NOTE
    Imports includes 30 non-default packages.
    Importing from so many packages makes the package vulnerable to any of
    them becoming unavailable. Move as many as possible to Suggests and
    use conditionally.
Flavor: r-devel-linux-x86_64-fedora-clang

Version: 1.3.2
Check: dependencies in R code
Result: NOTE
    Namespaces in Imports field not imported from:
     ‘DT’ ‘VGAM’ ‘data.table’ ‘ggdendro’ ‘gridExtra’ ‘knitr’
     ‘latticeExtra’ ‘msm’ ‘plotly’ ‘shinyBS’ ‘shinydashboard’ ‘xtable’
     All declared Imports should be used.
Flavors: r-devel-linux-x86_64-fedora-clang, r-devel-linux-x86_64-fedora-gcc, r-patched-osx-x86_64, r-patched-solaris-x86, r-release-osx-x86_64, r-oldrel-osx-x86_64