CRAN Package Check Results for Package Seurat

Last updated on 2020-04-25 01:53:17 CEST.

Flavor Version Tinstall Tcheck Ttotal Status Flags
r-devel-linux-x86_64-debian-clang 3.1.5 117.06 351.32 468.38 NOTE
r-devel-linux-x86_64-debian-gcc 3.1.5 88.11 268.67 356.78 NOTE
r-devel-linux-x86_64-fedora-clang 3.1.5 585.98 NOTE
r-devel-linux-x86_64-fedora-gcc 3.1.5 582.69 NOTE
r-devel-windows-ix86+x86_64 3.1.5 296.00 417.00 713.00 NOTE
r-patched-linux-x86_64 3.1.5 103.21 342.83 446.04 NOTE
r-patched-osx-x86_64 3.1.5 NOTE
r-patched-solaris-x86 3.1.5 601.60 NOTE
r-release-linux-x86_64 3.1.5 96.51 317.81 414.32 NOTE
r-release-windows-ix86+x86_64 3.1.5 255.00 444.00 699.00 NOTE
r-release-osx-x86_64 3.1.5 NOTE
r-oldrel-windows-ix86+x86_64 3.1.5 151.00 394.00 545.00 NOTE
r-oldrel-osx-x86_64 3.1.4 NOTE

Check Details

Version: 3.1.5
Check: package dependencies
Result: NOTE
    Packages suggested but not available for checking: 'loomR', 'SDMTools'
Flavors: r-devel-linux-x86_64-debian-clang, r-devel-linux-x86_64-debian-gcc, r-patched-linux-x86_64, r-release-linux-x86_64

Version: 3.1.5
Check: Rd cross-references
Result: NOTE
    Package unavailable to check Rd xrefs: 'loomR'
    Unknown package 'SDMTools' in Rd xrefs
Flavors: r-devel-linux-x86_64-debian-clang, r-devel-linux-x86_64-debian-gcc, r-devel-linux-x86_64-fedora-clang, r-devel-linux-x86_64-fedora-gcc, r-patched-linux-x86_64, r-patched-osx-x86_64, r-patched-solaris-x86, r-release-linux-x86_64

Version: 3.1.5
Check: package dependencies
Result: NOTE
    Packages suggested but not available for checking:
     'loomR', 'SDMTools', 'MAST', 'monocle'
    
    Imports includes 35 non-default packages.
    Importing from so many packages makes the package vulnerable to any of
    them becoming unavailable. Move as many as possible to Suggests and
    use conditionally.
Flavor: r-devel-linux-x86_64-fedora-clang

Version: 3.1.5
Check: installed package size
Result: NOTE
     installed size is 9.4Mb
     sub-directories of 1Mb or more:
     R 1.1Mb
     libs 7.7Mb
Flavors: r-devel-linux-x86_64-fedora-clang, r-patched-osx-x86_64, r-release-osx-x86_64

Version: 3.1.5
Check: package dependencies
Result: NOTE
    Packages suggested but not available for checking:
     'loomR', 'SDMTools', 'MAST', 'monocle'
Flavor: r-devel-linux-x86_64-fedora-gcc

Version: 3.1.5
Check: package dependencies
Result: NOTE
    Package suggested but not available for checking: 'loomR'
Flavors: r-devel-windows-ix86+x86_64, r-release-windows-ix86+x86_64, r-oldrel-windows-ix86+x86_64

Version: 3.1.5
Check: Rd cross-references
Result: NOTE
    Package unavailable to check Rd xrefs: 'loomR'
Flavors: r-devel-windows-ix86+x86_64, r-release-windows-ix86+x86_64, r-release-osx-x86_64, r-oldrel-windows-ix86+x86_64

Version: 3.1.5
Check: package dependencies
Result: NOTE
    Packages suggested but not available for checking:
     'loomR', 'SDMTools', 'SingleCellExperiment', 'MAST', 'monocle'
Flavor: r-patched-osx-x86_64

Version: 3.1.5
Check: package dependencies
Result: NOTE
    Packages suggested but not available for checking:
     'loomR', 'SDMTools', 'monocle'
Flavor: r-patched-solaris-x86

Version: 3.1.5
Check: package dependencies
Result: NOTE
    Packages suggested but not available for checking:
     'loomR', 'SingleCellExperiment', 'MAST', 'monocle'
Flavor: r-release-osx-x86_64

Version: 3.1.4
Check: package dependencies
Result: NOTE
    Packages suggested but not available for checking:
     ‘loomR’ ‘SingleCellExperiment’ ‘MAST’ ‘rtracklayer’ ‘monocle’
Flavor: r-oldrel-osx-x86_64

Version: 3.1.4
Check: installed package size
Result: NOTE
     installed size is 8.9Mb
     sub-directories of 1Mb or more:
     R 1.0Mb
     libs 7.2Mb
Flavor: r-oldrel-osx-x86_64

Version: 3.1.4
Check: Rd cross-references
Result: NOTE
    Package unavailable to check Rd xrefs: ‘loomR’
Flavor: r-oldrel-osx-x86_64