CRAN Package Check Results for Package SequenceSpikeSlab

Last updated on 2020-04-25 01:53:17 CEST.

Flavor Version Tinstall Tcheck Ttotal Status Flags
r-devel-linux-x86_64-debian-clang 0.1.1 27.28 73.38 100.66 OK
r-devel-linux-x86_64-debian-gcc 0.1.1 17.22 58.22 75.44 OK
r-devel-linux-x86_64-fedora-clang 0.1.1 126.24 NOTE
r-devel-linux-x86_64-fedora-gcc 0.1.1 122.90 NOTE
r-devel-windows-ix86+x86_64 0.1.1 71.00 118.00 189.00 OK
r-patched-linux-x86_64 0.1.1 20.79 73.47 94.26 OK
r-patched-osx-x86_64 0.1.1 WARN
r-patched-solaris-x86 0.1.1 166.90 NOTE
r-release-linux-x86_64 0.1.1 18.37 66.40 84.77 OK
r-release-windows-ix86+x86_64 0.1.1 63.00 113.00 176.00 OK
r-release-osx-x86_64 0.1.1 NOTE
r-oldrel-windows-ix86+x86_64 0.1.1 35.00 128.00 163.00 OK
r-oldrel-osx-x86_64 0.1.1 NOTE

Check Details

Version: 0.1.1
Check: dependencies in R code
Result: NOTE
    Namespace in Imports field not imported from: ‘RcppProgress’
     All declared Imports should be used.
Flavors: r-devel-linux-x86_64-fedora-clang, r-devel-linux-x86_64-fedora-gcc, r-patched-osx-x86_64, r-patched-solaris-x86, r-release-osx-x86_64, r-oldrel-osx-x86_64

Version: 0.1.1
Check: re-building of vignette outputs
Result: WARN
    Error(s) in re-building vignettes:
     ...
    --- re-building ‘SequenceSpikeSlab-vignette.Rmd’ using rmarkdown
    dyld: lazy symbol binding failed: Symbol not found: ____chkstk_darwin
     Referenced from: /usr/local/bin/pandoc (which was built for Mac OS X 10.15)
     Expected in: /usr/lib/libSystem.B.dylib
    
    dyld: Symbol not found: ____chkstk_darwin
     Referenced from: /usr/local/bin/pandoc (which was built for Mac OS X 10.15)
     Expected in: /usr/lib/libSystem.B.dylib
    
    Error: processing vignette 'SequenceSpikeSlab-vignette.Rmd' failed with diagnostics:
    pandoc document conversion failed with error 6
    --- failed re-building ‘SequenceSpikeSlab-vignette.Rmd’
    
    SUMMARY: processing the following file failed:
     ‘SequenceSpikeSlab-vignette.Rmd’
    
    Error: Vignette re-building failed.
    Execution halted
Flavor: r-patched-osx-x86_64