CRAN Package Check Results for Package SelectBoost

Last updated on 2020-04-25 01:53:17 CEST.

Flavor Version Tinstall Tcheck Ttotal Status Flags
r-devel-linux-x86_64-debian-clang 2.0.0 15.31 123.65 138.96 OK
r-devel-linux-x86_64-debian-gcc 2.0.0 14.27 96.53 110.80 OK
r-devel-linux-x86_64-fedora-clang 2.0.0 183.11 NOTE
r-devel-linux-x86_64-fedora-gcc 2.0.0 178.91 NOTE
r-devel-windows-ix86+x86_64 2.0.0 43.00 139.00 182.00 OK
r-patched-linux-x86_64 2.0.0 17.07 120.36 137.43 OK
r-patched-osx-x86_64 2.0.0 WARN
r-patched-solaris-x86 2.0.0 254.10 NOTE
r-release-linux-x86_64 2.0.0 13.54 109.47 123.01 OK
r-release-windows-ix86+x86_64 2.0.0 35.00 131.00 166.00 OK
r-release-osx-x86_64 2.0.0 NOTE
r-oldrel-windows-ix86+x86_64 2.0.0 17.00 143.00 160.00 OK
r-oldrel-osx-x86_64 2.0.0 NOTE

Check Details

Version: 2.0.0
Check: dependencies in R code
Result: NOTE
    Namespace in Imports field not imported from: ‘parallel’
     All declared Imports should be used.
Flavors: r-devel-linux-x86_64-fedora-clang, r-devel-linux-x86_64-fedora-gcc, r-patched-osx-x86_64, r-patched-solaris-x86, r-release-osx-x86_64, r-oldrel-osx-x86_64

Version: 2.0.0
Check: re-building of vignette outputs
Result: WARN
    Error(s) in re-building vignettes:
    --- re-building ‘benchmarking-selectboost-networks.Rmd’ using rmarkdown
    dyld: lazy symbol binding failed: Symbol not found: ____chkstk_darwin
     Referenced from: /usr/local/bin/pandoc (which was built for Mac OS X 10.15)
     Expected in: /usr/lib/libSystem.B.dylib
    
    dyld: Symbol not found: ____chkstk_darwin
     Referenced from: /usr/local/bin/pandoc (which was built for Mac OS X 10.15)
     Expected in: /usr/lib/libSystem.B.dylib
    
    Error: processing vignette 'benchmarking-selectboost-networks.Rmd' failed with diagnostics:
    pandoc document conversion failed with error 6
    --- failed re-building ‘benchmarking-selectboost-networks.Rmd’
    
    --- re-building ‘confidence-indices-Cascade-networks.Rmd’ using rmarkdown
    dyld: lazy symbol binding failed: Symbol not found: ____chkstk_darwin
     Referenced from: /usr/local/bin/pandoc (which was built for Mac OS X 10.15)
     Expected in: /usr/lib/libSystem.B.dylib
    
    dyld: Symbol not found: ____chkstk_darwin
     Referenced from: /usr/local/bin/pandoc (which was built for Mac OS X 10.15)
     Expected in: /usr/lib/libSystem.B.dylib
    
    Error: processing vignette 'confidence-indices-Cascade-networks.Rmd' failed with diagnostics:
    pandoc document conversion failed with error 6
    --- failed re-building ‘confidence-indices-Cascade-networks.Rmd’
    
    --- re-building ‘sim-with-sb.Rmd’ using rmarkdown
    dyld: lazy symbol binding failed: Symbol not found: ____chkstk_darwin
     Referenced from: /usr/local/bin/pandoc (which was built for Mac OS X 10.15)
     Expected in: /usr/lib/libSystem.B.dylib
    
    dyld: Symbol not found: ____chkstk_darwin
     Referenced from: /usr/local/bin/pandoc (which was built for Mac OS X 10.15)
     Expected in: /usr/lib/libSystem.B.dylib
    
    Error: processing vignette 'sim-with-sb.Rmd' failed with diagnostics:
    pandoc document conversion failed with error 6
    --- failed re-building ‘sim-with-sb.Rmd’
    
    SUMMARY: processing the following files failed:
     ‘benchmarking-selectboost-networks.Rmd’
     ‘confidence-indices-Cascade-networks.Rmd’ ‘sim-with-sb.Rmd’
    
    Error: Vignette re-building failed.
    Execution halted
Flavor: r-patched-osx-x86_64