CRAN Package Check Results for Package SamplingStrata

Last updated on 2020-04-25 01:53:16 CEST.

Flavor Version Tinstall Tcheck Ttotal Status Flags
r-devel-linux-x86_64-debian-clang 1.5-1 11.08 77.89 88.97 OK
r-devel-linux-x86_64-debian-gcc 1.5-1 9.65 59.44 69.09 OK
r-devel-linux-x86_64-fedora-clang 1.5-1 105.28 OK
r-devel-linux-x86_64-fedora-gcc 1.5-1 105.68 OK
r-devel-windows-ix86+x86_64 1.5-1 25.00 101.00 126.00 OK --no-vignettes
r-patched-linux-x86_64 1.5-1 11.32 75.85 87.17 OK
r-patched-osx-x86_64 1.5-1 WARN
r-patched-solaris-x86 1.5-1 141.20 OK
r-release-linux-x86_64 1.5-1 7.85 70.33 78.18 OK
r-release-windows-ix86+x86_64 1.5-1 22.00 64.00 86.00 OK --no-vignettes
r-release-osx-x86_64 1.5-1 OK
r-oldrel-windows-ix86+x86_64 1.5-1 11.00 82.00 93.00 OK --no-vignettes
r-oldrel-osx-x86_64 1.5-1 OK

Check Details

Version: 1.5-1
Check: re-building of vignette outputs
Result: WARN
    Error(s) in re-building vignettes:
    --- re-building ‘SamplingStrata.Rmd’ using rmarkdown
    Loading required package: memoise
    Loading required package: doParallel
    Loading required package: foreach
    Loading required package: iterators
    Loading required package: parallel
    Loading required package: pbapply
    Loading required package: formattable
    
    Report issues at https://github.com/barcaroli/SamplingStrata/issues
    Get a complete documentation on https://barcaroli.github.io/SamplingStrata
    dyld: lazy symbol binding failed: Symbol not found: ____chkstk_darwin
     Referenced from: /usr/local/bin/pandoc (which was built for Mac OS X 10.15)
     Expected in: /usr/lib/libSystem.B.dylib
    
    dyld: Symbol not found: ____chkstk_darwin
     Referenced from: /usr/local/bin/pandoc (which was built for Mac OS X 10.15)
     Expected in: /usr/lib/libSystem.B.dylib
    
    Error: processing vignette 'SamplingStrata.Rmd' failed with diagnostics:
    pandoc document conversion failed with error 6
    --- failed re-building ‘SamplingStrata.Rmd’
    
    --- re-building ‘models.Rmd’ using rmarkdown
    Loading required package: memoise
    Loading required package: doParallel
    Loading required package: foreach
    Loading required package: iterators
    Loading required package: parallel
    Loading required package: pbapply
    Loading required package: formattable
    
    Report issues at https://github.com/barcaroli/SamplingStrata/issues
    Get a complete documentation on https://barcaroli.github.io/SamplingStrata
    dyld: lazy symbol binding failed: Symbol not found: ____chkstk_darwin
     Referenced from: /usr/local/bin/pandoc (which was built for Mac OS X 10.15)
     Expected in: /usr/lib/libSystem.B.dylib
    
    dyld: Symbol not found: ____chkstk_darwin
     Referenced from: /usr/local/bin/pandoc (which was built for Mac OS X 10.15)
     Expected in: /usr/lib/libSystem.B.dylib
    
    Error: processing vignette 'models.Rmd' failed with diagnostics:
    pandoc document conversion failed with error 6
    --- failed re-building ‘models.Rmd’
    
    --- re-building ‘spatial.Rmd’ using rmarkdown
    dyld: lazy symbol binding failed: Symbol not found: ____chkstk_darwin
     Referenced from: /usr/local/bin/pandoc (which was built for Mac OS X 10.15)
     Expected in: /usr/lib/libSystem.B.dylib
    
    dyld: Symbol not found: ____chkstk_darwin
     Referenced from: /usr/local/bin/pandoc (which was built for Mac OS X 10.15)
     Expected in: /usr/lib/libSystem.B.dylib
    
    Error: processing vignette 'spatial.Rmd' failed with diagnostics:
    pandoc document conversion failed with error 6
    --- failed re-building ‘spatial.Rmd’
    
    SUMMARY: processing the following files failed:
     ‘SamplingStrata.Rmd’ ‘models.Rmd’ ‘spatial.Rmd’
    
    Error: Vignette re-building failed.
    Execution halted
Flavor: r-patched-osx-x86_64