Last updated on 2020-04-25 01:53:19 CEST.
Flavor | Version | Tinstall | Tcheck | Ttotal | Status | Flags |
---|---|---|---|---|---|---|
r-devel-linux-x86_64-debian-clang | 0.2.1 | 35.28 | 26.00 | 61.28 | OK | |
r-devel-linux-x86_64-debian-gcc | 0.2.1 | 23.33 | 20.52 | 43.85 | OK | |
r-devel-linux-x86_64-fedora-clang | 0.2.1 | 84.69 | NOTE | |||
r-devel-linux-x86_64-fedora-gcc | 0.2.1 | 74.99 | NOTE | |||
r-devel-windows-ix86+x86_64 | 0.2.1 | 88.00 | 60.00 | 148.00 | OK | |
r-patched-linux-x86_64 | 0.2.1 | 27.06 | 25.85 | 52.91 | OK | |
r-patched-osx-x86_64 | 0.2.1 | NOTE | ||||
r-patched-solaris-x86 | 0.2.1 | 84.40 | NOTE | |||
r-release-linux-x86_64 | 0.2.1 | 26.07 | 24.18 | 50.25 | OK | |
r-release-windows-ix86+x86_64 | 0.2.1 | 80.00 | 62.00 | 142.00 | OK | |
r-release-osx-x86_64 | 0.2.1 | NOTE | ||||
r-oldrel-windows-ix86+x86_64 | 0.2.1 | 57.00 | 67.00 | 124.00 | OK | |
r-oldrel-osx-x86_64 | 0.2.1 | NOTE |
Version: 0.2.1
Check: dependencies in R code
Result: NOTE
Namespace in Imports field not imported from: ‘MASS’
All declared Imports should be used.
Flavors: r-devel-linux-x86_64-fedora-clang, r-devel-linux-x86_64-fedora-gcc, r-patched-osx-x86_64, r-patched-solaris-x86, r-release-osx-x86_64, r-oldrel-osx-x86_64
Version: 0.2.1
Check: package dependencies
Result: NOTE
Package suggested but not available for checking: ‘gifski’
Flavor: r-patched-solaris-x86