Last updated on 2020-04-25 01:53:18 CEST.
Flavor | Version | Tinstall | Tcheck | Ttotal | Status | Flags |
---|---|---|---|---|---|---|
r-devel-linux-x86_64-debian-clang | 0.8.2 | 78.06 | 218.81 | 296.87 | OK | |
r-devel-linux-x86_64-debian-gcc | 0.8.2 | 50.44 | 155.14 | 205.58 | OK | |
r-devel-linux-x86_64-fedora-clang | 0.8.2 | 355.63 | NOTE | |||
r-devel-linux-x86_64-fedora-gcc | 0.8.2 | 340.72 | OK | |||
r-devel-windows-ix86+x86_64 | 0.8.2 | 196.00 | 348.00 | 544.00 | NOTE | |
r-patched-linux-x86_64 | 0.8.2 | 61.69 | 211.81 | 273.50 | OK | |
r-patched-osx-x86_64 | 0.8.2 | NOTE | ||||
r-patched-solaris-x86 | 0.8.2 | 515.30 | OK | |||
r-release-linux-x86_64 | 0.8.2 | 59.61 | 191.29 | 250.90 | OK | |
r-release-windows-ix86+x86_64 | 0.8.2 | 186.00 | 357.00 | 543.00 | NOTE | |
r-release-osx-x86_64 | 0.8.2 | NOTE | ||||
r-oldrel-windows-ix86+x86_64 | 0.8.2 | 139.00 | 375.00 | 514.00 | NOTE | |
r-oldrel-osx-x86_64 | 0.8.2 | NOTE |
Version: 0.8.2
Check: installed package size
Result: NOTE
installed size is 6.5Mb
sub-directories of 1Mb or more:
extdata 3.1Mb
libs 3.0Mb
Flavors: r-devel-linux-x86_64-fedora-clang, r-devel-windows-ix86+x86_64, r-patched-osx-x86_64, r-release-windows-ix86+x86_64, r-release-osx-x86_64, r-oldrel-windows-ix86+x86_64, r-oldrel-osx-x86_64