CRAN Package Check Results for Package SMITIDvisu

Last updated on 2020-04-25 01:53:18 CEST.

Flavor Version Tinstall Tcheck Ttotal Status Flags
r-devel-linux-x86_64-debian-clang 0.0.6 21.18 33.31 54.49 OK
r-devel-linux-x86_64-debian-gcc 0.0.6 12.71 26.51 39.22 OK
r-devel-linux-x86_64-fedora-clang 0.0.6 69.43 OK
r-devel-linux-x86_64-fedora-gcc 0.0.6 64.18 OK
r-devel-windows-ix86+x86_64 0.0.6 51.00 72.00 123.00 OK
r-patched-linux-x86_64 0.0.6 14.29 33.04 47.33 OK
r-patched-osx-x86_64 0.0.6 OK
r-patched-solaris-x86 0.0.6 82.50 OK
r-release-linux-x86_64 0.0.6 16.43 30.33 46.76 OK
r-release-windows-ix86+x86_64 0.0.6 50.00 75.00 125.00 OK
r-release-osx-x86_64 0.0.6 NOTE
r-oldrel-windows-ix86+x86_64 0.0.6 30.00 75.00 105.00 OK
r-oldrel-osx-x86_64 0.0.6 OK

Check Details

Version: 0.0.6
Check: package dependencies
Result: NOTE
    Package suggested but not available for checking: ‘SMITIDstruct’
Flavor: r-release-osx-x86_64