CRAN Package Check Results for Package SBRect

Last updated on 2020-04-25 01:53:17 CEST.

Flavor Version Tinstall Tcheck Ttotal Status Flags
r-devel-linux-x86_64-debian-clang 0.26 3.33 32.77 36.10 NOTE
r-devel-linux-x86_64-debian-gcc 0.26 2.66 26.15 28.81 NOTE
r-devel-linux-x86_64-fedora-clang 0.26 45.76 NOTE
r-devel-linux-x86_64-fedora-gcc 0.26 46.57 NOTE
r-devel-windows-ix86+x86_64 0.26 10.00 49.00 59.00 NOTE
r-patched-linux-x86_64 0.26 3.15 32.55 35.70 NOTE
r-patched-osx-x86_64 0.26 NOTE
r-patched-solaris-x86 0.26 69.20 NOTE
r-release-linux-x86_64 0.26 2.66 29.93 32.59 NOTE
r-release-windows-ix86+x86_64 0.26 10.00 41.00 51.00 NOTE
r-release-osx-x86_64 0.26 NOTE
r-oldrel-windows-ix86+x86_64 0.26 5.00 58.00 63.00 NOTE
r-oldrel-osx-x86_64 0.26 NOTE

Check Details

Version: 0.26
Check: DESCRIPTION meta-information
Result: NOTE
    Malformed Title field: should not end in a period.
    BugReports field is not a suitable URL but appears to contain an email address
     not specified by mailto: nor contained in < >
     use the Contact field instead
Flavors: r-devel-linux-x86_64-debian-clang, r-devel-linux-x86_64-debian-gcc, r-devel-linux-x86_64-fedora-clang, r-devel-linux-x86_64-fedora-gcc, r-devel-windows-ix86+x86_64, r-patched-linux-x86_64, r-patched-osx-x86_64, r-patched-solaris-x86, r-release-linux-x86_64, r-release-windows-ix86+x86_64

Version: 0.26
Check: DESCRIPTION meta-information
Result: NOTE
    Malformed Title field: should not end in a period.
    BugReports field is not a suitable URL but appears to contain an email address
     not specified by mailto: nor contained in < >
Flavors: r-release-osx-x86_64, r-oldrel-windows-ix86+x86_64, r-oldrel-osx-x86_64