CRAN Package Check Results for Package SAR

Last updated on 2020-04-25 01:53:17 CEST.

Flavor Version Tinstall Tcheck Ttotal Status Flags
r-devel-linux-x86_64-debian-clang 1.0.1 73.34 80.06 153.40 NOTE
r-devel-linux-x86_64-debian-gcc 1.0.1 50.36 62.08 112.44 NOTE
r-devel-linux-x86_64-fedora-clang 1.0.1 217.52 NOTE
r-devel-linux-x86_64-fedora-gcc 1.0.1 205.39 NOTE
r-devel-windows-ix86+x86_64 1.0.1 203.00 140.00 343.00 NOTE
r-patched-linux-x86_64 1.0.1 62.30 77.84 140.14 NOTE
r-patched-osx-x86_64 1.0.1 NOTE
r-patched-solaris-x86 1.0.1 215.50 NOTE
r-release-linux-x86_64 1.0.1 61.13 71.11 132.24 NOTE
r-release-windows-ix86+x86_64 1.0.1 193.00 134.00 327.00 NOTE
r-release-osx-x86_64 1.0.1 NOTE
r-oldrel-windows-ix86+x86_64 1.0.1 128.00 136.00 264.00 NOTE
r-oldrel-osx-x86_64 1.0.1 NOTE

Check Details

Version: 1.0.1
Check: for GNU extensions in Makefiles
Result: NOTE
    GNU make is a SystemRequirements.
Flavors: r-devel-linux-x86_64-debian-clang, r-devel-linux-x86_64-debian-gcc, r-devel-linux-x86_64-fedora-clang, r-devel-linux-x86_64-fedora-gcc, r-devel-windows-ix86+x86_64, r-patched-linux-x86_64, r-patched-osx-x86_64, r-patched-solaris-x86, r-release-linux-x86_64, r-release-windows-ix86+x86_64, r-release-osx-x86_64, r-oldrel-windows-ix86+x86_64, r-oldrel-osx-x86_64

Version: 1.0.1
Check: dependencies in R code
Result: NOTE
    Namespaces in Imports field not imported from:
     ‘httr’ ‘jsonlite’
     All declared Imports should be used.
Flavors: r-devel-linux-x86_64-fedora-clang, r-devel-linux-x86_64-fedora-gcc, r-patched-osx-x86_64, r-patched-solaris-x86, r-release-osx-x86_64, r-oldrel-osx-x86_64